CRAN Package Check Results for Package openMSE

Last updated on 2022-07-04 21:49:48 CEST.

Flavor Version Tinstall Tcheck Ttotal Status Flags
r-devel-linux-x86_64-debian-clang 1.0.0 14.01 112.38 126.39 NOTE
r-devel-linux-x86_64-debian-gcc 1.0.0 11.05 85.18 96.23 NOTE
r-devel-linux-x86_64-fedora-clang 1.0.0 158.25 WARN
r-devel-linux-x86_64-fedora-gcc 1.0.0 154.88 WARN
r-devel-windows-x86_64 1.0.0 16.00 127.00 143.00 NOTE
r-patched-linux-x86_64 1.0.0 10.40 107.52 117.92 NOTE
r-release-linux-x86_64 1.0.0 9.05 103.95 113.00 NOTE
r-release-macos-arm64 1.0.0 37.00 NOTE
r-release-macos-x86_64 1.0.0 72.00 NOTE
r-release-windows-x86_64 1.0.0 19.00 128.00 147.00 NOTE
r-oldrel-macos-arm64 1.0.0 44.00 NOTE
r-oldrel-macos-x86_64 1.0.0 56.00 NOTE
r-oldrel-windows-ix86+x86_64 1.0.0 32.00 122.00 154.00 NOTE

Check Details

Version: 1.0.0
Check: LazyData
Result: NOTE
     'LazyData' is specified without a 'data' directory
Flavors: r-devel-linux-x86_64-debian-clang, r-devel-linux-x86_64-debian-gcc, r-devel-linux-x86_64-fedora-clang, r-devel-linux-x86_64-fedora-gcc, r-devel-windows-x86_64, r-patched-linux-x86_64, r-release-linux-x86_64, r-release-macos-arm64, r-release-macos-x86_64, r-release-windows-x86_64, r-oldrel-macos-arm64, r-oldrel-macos-x86_64, r-oldrel-windows-ix86+x86_64

Version: 1.0.0
Check: package dependencies
Result: WARN
    Requires (indirectly) orphaned package: ‘gtools’
Flavors: r-devel-linux-x86_64-fedora-clang, r-devel-linux-x86_64-fedora-gcc