CRAN Package Check Results for Package openCR

Last updated on 2025-04-19 21:50:36 CEST.

Flavor Version Tinstall Tcheck Ttotal Status Flags
r-devel-linux-x86_64-debian-clang 2.2.7 135.49 433.95 569.44 OK
r-devel-linux-x86_64-debian-gcc 2.2.7 119.07 332.61 451.68 OK
r-devel-linux-x86_64-fedora-clang 2.2.7 971.41 OK
r-devel-linux-x86_64-fedora-gcc 2.2.7 1106.10 OK
r-devel-windows-x86_64 2.2.7 219.00 488.00 707.00 OK
r-patched-linux-x86_64 2.2.7 177.34 477.49 654.83 OK
r-release-linux-x86_64 2.2.7 169.83 473.38 643.21 OK
r-release-macos-arm64 2.2.7 225.00 OK
r-release-macos-x86_64 2.2.7 411.00 OK
r-release-windows-x86_64 2.2.7 220.00 462.00 682.00 OK
r-oldrel-macos-arm64 2.2.7 118.00 NOTE
r-oldrel-macos-x86_64 2.2.7 213.00 NOTE
r-oldrel-windows-x86_64 2.2.7 258.00 609.00 867.00 NOTE

Check Details

Version: 2.2.7
Check: installed package size
Result: NOTE installed size is 6.3Mb sub-directories of 1Mb or more: exampledata 1.5Mb libs 3.4Mb Flavors: r-oldrel-macos-arm64, r-oldrel-macos-x86_64

Version: 2.2.7
Check: for GNU extensions in Makefiles
Result: NOTE GNU make is a SystemRequirements. Flavors: r-oldrel-macos-arm64, r-oldrel-macos-x86_64, r-oldrel-windows-x86_64