CRAN Package Check Results for Package onemapsgapi

Last updated on 2022-10-01 10:51:59 CEST.

Flavor Version Tinstall Tcheck Ttotal Status Flags
r-devel-linux-x86_64-debian-clang 1.0.0 7.59 63.72 71.31 NOTE
r-devel-linux-x86_64-debian-gcc 1.0.0 4.64 46.79 51.43 NOTE
r-devel-linux-x86_64-fedora-clang 1.0.0 100.65 NOTE
r-devel-linux-x86_64-fedora-gcc 1.0.0 88.73 NOTE
r-devel-windows-x86_64 1.0.0 28.00 94.00 122.00 NOTE
r-patched-linux-x86_64 1.0.0 4.33 60.10 64.43 NOTE
r-release-linux-x86_64 1.0.0 5.12 58.40 63.52 NOTE
r-release-macos-arm64 1.0.0 27.00 NOTE
r-release-macos-x86_64 1.0.0 43.00 NOTE
r-release-windows-x86_64 1.0.0 27.00 89.00 116.00 NOTE
r-oldrel-macos-arm64 1.0.0 30.00 NOTE
r-oldrel-macos-x86_64 1.0.0 37.00 NOTE
r-oldrel-windows-ix86+x86_64 1.0.0 16.00 84.00 100.00 NOTE

Check Details

Version: 1.0.0
Check: LazyData
Result: NOTE
     'LazyData' is specified without a 'data' directory
Flavors: r-devel-linux-x86_64-debian-clang, r-devel-linux-x86_64-debian-gcc, r-devel-linux-x86_64-fedora-clang, r-devel-linux-x86_64-fedora-gcc, r-devel-windows-x86_64, r-patched-linux-x86_64, r-release-linux-x86_64, r-release-macos-arm64, r-release-macos-x86_64, r-release-windows-x86_64, r-oldrel-macos-arm64, r-oldrel-macos-x86_64, r-oldrel-windows-ix86+x86_64