CRAN Package Check Results for Package onemapsgapi

Last updated on 2021-11-30 19:51:30 CET.

Flavor Version Tinstall Tcheck Ttotal Status Flags
r-devel-linux-x86_64-debian-clang 1.0.0 5.45 53.49 58.94 NOTE
r-devel-linux-x86_64-debian-gcc 1.0.0 4.28 39.76 44.04 NOTE
r-devel-linux-x86_64-fedora-clang 1.0.0 80.73 NOTE
r-devel-linux-x86_64-fedora-gcc 1.0.0 68.35 NOTE
r-devel-windows-x86_64-new-UL 1.0.0 14.00 94.00 108.00 NOTE
r-devel-windows-x86_64-new-TK 1.0.0 NOTE
r-devel-windows-x86_64-old 1.0.0 10.00 59.00 69.00 NOTE
r-patched-linux-x86_64 1.0.0 5.57 48.82 54.39 NOTE
r-patched-solaris-x86 1.0.0 97.80 NOTE
r-release-linux-x86_64 1.0.0 4.61 49.35 53.96 NOTE
r-release-macos-arm64 1.0.0 NOTE
r-release-macos-x86_64 1.0.0 NOTE
r-release-windows-ix86+x86_64 1.0.0 14.00 51.00 65.00 NOTE
r-oldrel-macos-x86_64 1.0.0 OK
r-oldrel-windows-ix86+x86_64 1.0.0 10.00 52.00 62.00 OK

Check Details

Version: 1.0.0
Check: LazyData
Result: NOTE
     'LazyData' is specified without a 'data' directory
Flavors: r-devel-linux-x86_64-debian-clang, r-devel-linux-x86_64-debian-gcc, r-devel-linux-x86_64-fedora-clang, r-devel-linux-x86_64-fedora-gcc, r-devel-windows-x86_64-new-UL, r-devel-windows-x86_64-new-TK, r-devel-windows-x86_64-old, r-patched-linux-x86_64, r-patched-solaris-x86, r-release-linux-x86_64, r-release-macos-arm64, r-release-macos-x86_64, r-release-windows-ix86+x86_64