CRAN Package Check Results for Package onemap

Last updated on 2023-02-09 10:06:16 CET.

Flavor Version Tinstall Tcheck Ttotal Status Flags
r-devel-linux-x86_64-debian-clang 3.0.0 102.08 222.41 324.49 OK --no-vignettes
r-devel-linux-x86_64-debian-gcc 3.0.0 74.11 161.49 235.60 OK --no-vignettes
r-devel-linux-x86_64-fedora-clang 3.0.0 1082.97 OK
r-devel-linux-x86_64-fedora-gcc 3.0.0 1022.87 OK
r-devel-windows-x86_64 3.0.0 127.00 775.00 902.00 NOTE
r-patched-linux-x86_64 3.0.0 85.00 206.45 291.45 OK --no-vignettes
r-release-linux-x86_64 3.0.0 84.30 205.77 290.07 OK --no-vignettes
r-release-macos-arm64 3.0.0 224.00 OK
r-release-macos-x86_64 3.0.0 393.00 OK
r-release-windows-x86_64 3.0.0 115.00 788.00 903.00 OK
r-oldrel-macos-arm64 3.0.0 232.00 OK
r-oldrel-macos-x86_64 3.0.0 399.00 OK
r-oldrel-windows-ix86+x86_64 3.0.0 224.00 910.00 1134.00 NOTE

Check Details

Version: 3.0.0
Check: C++ specification
Result: NOTE
     Specified C++11: please drop specification unless essential
Flavor: r-devel-windows-x86_64

Version: 3.0.0
Check: installed package size
Result: NOTE
     installed size is 5.0Mb
     sub-directories of 1Mb or more:
     doc 1.6Mb
     libs 2.3Mb
Flavor: r-oldrel-windows-ix86+x86_64