Last updated on 2023-03-30 20:49:18 CEST.
Flavor | Version | Tinstall | Tcheck | Ttotal | Status | Flags |
---|---|---|---|---|---|---|
r-devel-linux-x86_64-debian-clang | 0.2 | 56.07 | 636.75 | 692.82 | OK | |
r-devel-linux-x86_64-debian-gcc | 0.2 | 41.97 | 477.09 | 519.06 | OK | |
r-devel-linux-x86_64-fedora-clang | 0.2 | 2.38 | ERROR | |||
r-devel-linux-x86_64-fedora-gcc | 0.2 | 2.41 | ERROR | |||
r-devel-windows-x86_64 | 0.2 | 67.00 | 0.00 | 67.00 | OK | |
r-patched-linux-x86_64 | 0.2 | 53.76 | 591.20 | 644.96 | OK | |
r-release-linux-x86_64 | 0.2 | 50.92 | 584.31 | 635.23 | OK | |
r-release-macos-arm64 | 0.2 | 195.00 | NOTE | |||
r-release-macos-x86_64 | 0.2 | 324.00 | NOTE | |||
r-release-windows-x86_64 | 0.2 | 65.00 | 551.00 | 616.00 | OK | |
r-oldrel-macos-arm64 | 0.2 | 227.00 | NOTE | |||
r-oldrel-macos-x86_64 | 0.2 | 267.00 | NOTE | |||
r-oldrel-windows-ix86+x86_64 | 0.2 | 114.00 | 590.00 | 704.00 | NOTE |
Version: 0.2
Check: package dependencies
Result: ERROR
Packages required but not available: 'sva', 'genefilter'
See section ‘The DESCRIPTION file’ in the ‘Writing R Extensions’
manual.
Flavors: r-devel-linux-x86_64-fedora-clang, r-devel-linux-x86_64-fedora-gcc
Version: 0.2
Check: dependencies in R code
Result: NOTE
Namespaces in Imports field not imported from:
‘gdata’ ‘genefilter’ ‘maftools’ ‘readxl’
All declared Imports should be used.
Flavors: r-release-macos-arm64, r-release-macos-x86_64, r-oldrel-macos-arm64, r-oldrel-macos-x86_64
Version: 0.2
Check: R code for possible problems
Result: NOTE
Initiating curl with CURL_SSL_BACKEND: openssl
Flavor: r-oldrel-windows-ix86+x86_64