CRAN Package Check Results for Package ojsr

Last updated on 2024-02-27 19:54:45 CET.

Flavor Version Tinstall Tcheck Ttotal Status Flags
r-devel-linux-x86_64-debian-clang 0.1.2 3.77 81.94 85.71 NOTE
r-devel-linux-x86_64-debian-gcc 0.1.2 2.46 61.29 63.75 NOTE
r-devel-linux-x86_64-fedora-clang 0.1.2 96.23 NOTE
r-devel-linux-x86_64-fedora-gcc 0.1.2 109.25 NOTE
r-devel-windows-x86_64 0.1.2 4.00 1111.00 1115.00 NOTE
r-patched-linux-x86_64 0.1.2 3.20 80.86 84.06 NOTE
r-release-linux-x86_64 0.1.2 2.38 80.23 82.61 NOTE
r-release-macos-arm64 0.1.2 1159.00 NOTE
r-release-macos-x86_64 0.1.2 1203.00 NOTE
r-release-windows-x86_64 0.1.2 5.00 1114.00 1119.00 NOTE
r-oldrel-macos-arm64 0.1.2 1051.00 NOTE
r-oldrel-windows-x86_64 0.1.2 6.00 1145.00 1151.00 NOTE

Check Details

Version: 0.1.2
Check: LazyData
Result: NOTE 'LazyData' is specified without a 'data' directory Flavors: r-devel-linux-x86_64-debian-clang, r-devel-linux-x86_64-debian-gcc, r-devel-linux-x86_64-fedora-clang, r-devel-linux-x86_64-fedora-gcc, r-devel-windows-x86_64, r-patched-linux-x86_64, r-release-linux-x86_64, r-release-macos-arm64, r-release-macos-x86_64, r-release-windows-x86_64, r-oldrel-macos-arm64, r-oldrel-windows-x86_64