Last updated on 2023-09-28 09:58:11 CEST.
Flavor | Version | Tinstall | Tcheck | Ttotal | Status | Flags |
---|---|---|---|---|---|---|
r-devel-linux-x86_64-debian-clang | 0.2.2 | 5.67 | 109.94 | 115.61 | OK | |
r-devel-linux-x86_64-debian-gcc | 0.2.2 | 4.30 | 82.04 | 86.34 | OK | |
r-devel-linux-x86_64-fedora-clang | 0.2.2 | 138.53 | NOTE | |||
r-devel-linux-x86_64-fedora-gcc | 0.2.2 | 144.43 | NOTE | |||
r-devel-windows-x86_64 | 0.2.2 | 7.00 | 100.00 | 107.00 | OK | |
r-patched-linux-x86_64 | 0.2.2 | 3.66 | 105.33 | 108.99 | OK | |
r-release-linux-x86_64 | 0.2.2 | 3.24 | 104.63 | 107.87 | OK | |
r-release-macos-arm64 | 0.2.2 | 81.00 | OK | |||
r-release-macos-x86_64 | 0.2.2 | 110.00 | OK | |||
r-release-windows-x86_64 | 0.2.2 | 10.00 | 116.00 | 126.00 | OK | |
r-oldrel-macos-arm64 | 0.2.2 | 67.00 | OK | |||
r-oldrel-macos-x86_64 | 0.2.2 | 95.00 | OK | |||
r-oldrel-windows-x86_64 | 0.2.2 | 10.00 | 113.00 | 123.00 | OK |
Version: 0.2.2
Check: Rd cross-references
Result: NOTE
Undeclared package ‘sp’ in Rd xrefs
Flavor: r-devel-linux-x86_64-fedora-clang
Version: 0.2.2
Check: data for non-ASCII characters
Result: NOTE
Note: found 12 marked UTF-8 strings
Flavors: r-devel-linux-x86_64-fedora-clang, r-devel-linux-x86_64-fedora-gcc