CRAN Package Check Results for Package oem

Last updated on 2021-12-01 19:51:43 CET.

Flavor Version Tinstall Tcheck Ttotal Status Flags
r-devel-linux-x86_64-debian-clang 2.0.10 370.41 222.07 592.48 NOTE
r-devel-linux-x86_64-debian-gcc 2.0.10 302.41 160.25 462.66 NOTE
r-devel-linux-x86_64-fedora-clang 2.0.10 837.22 NOTE
r-devel-linux-x86_64-fedora-gcc 2.0.10 829.59 NOTE
r-devel-windows-x86_64-new-UL 2.0.10 408.00 439.00 847.00 NOTE
r-devel-windows-x86_64-new-TK 2.0.10 NOTE
r-devel-windows-x86_64-old 2.0.10 397.00 297.00 694.00 NOTE
r-patched-linux-x86_64 2.0.10 351.11 219.74 570.85 NOTE
r-patched-solaris-x86 2.0.10 512.30 NOTE
r-release-linux-x86_64 2.0.10 337.30 220.03 557.33 NOTE
r-release-macos-arm64 2.0.10 NOTE
r-release-macos-x86_64 2.0.10 NOTE
r-release-windows-ix86+x86_64 2.0.10 782.00 275.00 1057.00 NOTE
r-oldrel-macos-x86_64 2.0.10 NOTE
r-oldrel-windows-ix86+x86_64 2.0.10 550.00 353.00 903.00 OK

Check Details

Version: 2.0.10
Check: LazyData
Result: NOTE
     'LazyData' is specified without a 'data' directory
Flavors: r-devel-linux-x86_64-debian-clang, r-devel-linux-x86_64-debian-gcc, r-devel-linux-x86_64-fedora-clang, r-devel-linux-x86_64-fedora-gcc, r-devel-windows-x86_64-new-UL, r-devel-windows-x86_64-new-TK, r-devel-windows-x86_64-old, r-patched-linux-x86_64, r-patched-solaris-x86, r-release-linux-x86_64, r-release-macos-arm64, r-release-macos-x86_64, r-release-windows-ix86+x86_64

Version: 2.0.10
Check: installed package size
Result: NOTE
     installed size is 85.1Mb
     sub-directories of 1Mb or more:
     libs 84.6Mb
Flavors: r-devel-linux-x86_64-fedora-clang, r-release-macos-arm64, r-release-macos-x86_64, r-oldrel-macos-x86_64