CRAN Package Check Results for Package odin

Last updated on 2021-11-29 07:51:17 CET.

Flavor Version Tinstall Tcheck Ttotal Status Flags
r-devel-linux-x86_64-debian-clang 1.2.1 OK
r-devel-linux-x86_64-debian-gcc 1.2.1 7.80 98.29 106.09 OK
r-devel-linux-x86_64-fedora-clang 1.2.1 181.89 OK
r-devel-linux-x86_64-fedora-gcc 1.2.1 178.67 OK
r-devel-windows-x86_64-new-UL 1.2.1 25.00 244.00 269.00 OK
r-devel-windows-x86_64-new-TK 0.0.1 OK
r-devel-windows-x86_64-old 1.2.1 11.00 183.00 194.00 OK
r-patched-linux-x86_64 1.2.1 8.26 129.85 138.11 OK
r-patched-solaris-x86 1.2.1 156.30 OK
r-release-linux-x86_64 1.2.1 8.20 131.16 139.36 OK
r-release-macos-arm64 1.2.1 OK
r-release-macos-x86_64 1.2.1 WARN
r-release-windows-ix86+x86_64 1.2.1 18.00 140.00 158.00 OK
r-oldrel-macos-x86_64 1.2.1 WARN
r-oldrel-windows-ix86+x86_64 1.2.1 15.00 185.00 200.00 OK

Check Details

Version: 1.2.1
Check: re-building of vignette outputs
Result: WARN
    Error(s) in re-building vignettes:
    --- re-building ‘discrete.Rmd’ using rmarkdown
    Warning in engine$weave(file, quiet = quiet, encoding = enc) :
     Pandoc (>= 1.12.3) not available. Falling back to R Markdown v1.
    Error: processing vignette 'discrete.Rmd' failed with diagnostics:
    there is no package called 'stringi'
    --- failed re-building ‘discrete.Rmd’
    
    --- re-building ‘functions.Rmd’ using rmarkdown
    Warning in engine$weave(file, quiet = quiet, encoding = enc) :
     Pandoc (>= 1.12.3) not available. Falling back to R Markdown v1.
    Error: processing vignette 'functions.Rmd' failed with diagnostics:
    there is no package called 'stringi'
    --- failed re-building ‘functions.Rmd’
    
    --- re-building ‘odin.Rmd’ using rmarkdown
    Warning in engine$weave(file, quiet = quiet, encoding = enc) :
     Pandoc (>= 1.12.3) not available. Falling back to R Markdown v1.
    Error: processing vignette 'odin.Rmd' failed with diagnostics:
    there is no package called 'stringi'
    --- failed re-building ‘odin.Rmd’
    
    SUMMARY: processing the following files failed:
     ‘discrete.Rmd’ ‘functions.Rmd’ ‘odin.Rmd’
    
    Error: Vignette re-building failed.
    Execution halted
Flavors: r-release-macos-x86_64, r-oldrel-macos-x86_64