CRAN Package Check Results for Package oddstream

Last updated on 2022-09-30 08:54:14 CEST.

Flavor Version Tinstall Tcheck Ttotal Status Flags
r-devel-linux-x86_64-debian-clang 0.5.0 16.91 132.06 148.97 OK
r-devel-linux-x86_64-debian-gcc 0.5.0 12.28 97.58 109.86 OK
r-devel-linux-x86_64-fedora-clang 0.5.0 197.44 NOTE
r-devel-linux-x86_64-fedora-gcc 0.5.0 181.71 NOTE
r-devel-windows-x86_64 0.5.0 24.00 144.00 168.00 OK
r-patched-linux-x86_64 0.5.0 12.06 124.26 136.32 OK
r-release-linux-x86_64 0.5.0 16.77 124.12 140.89 OK
r-release-macos-arm64 0.5.0 48.00 NOTE
r-release-macos-x86_64 0.5.0 88.00 NOTE
r-release-windows-x86_64 0.5.0 29.00 141.00 170.00 OK
r-oldrel-macos-arm64 0.5.0 52.00 NOTE
r-oldrel-macos-x86_64 0.5.0 74.00 NOTE
r-oldrel-windows-ix86+x86_64 0.5.0 35.00 145.00 180.00 OK

Check Details

Version: 0.5.0
Check: dependencies in R code
Result: NOTE
    Namespaces in Imports field not imported from:
     ‘RColorBrewer’ ‘graphics’
     All declared Imports should be used.
Flavors: r-devel-linux-x86_64-fedora-clang, r-devel-linux-x86_64-fedora-gcc, r-release-macos-arm64, r-release-macos-x86_64, r-oldrel-macos-arm64, r-oldrel-macos-x86_64