CRAN Package Check Results for Package odbc

Last updated on 2020-01-23 09:52:08 CET.

Flavor Version Tinstall Tcheck Ttotal Status Flags
r-devel-linux-x86_64-debian-clang 1.2.2 79.67 57.35 137.02 OK
r-devel-linux-x86_64-debian-gcc 1.2.2 55.51 43.97 99.48 OK
r-devel-linux-x86_64-fedora-clang 1.2.2 161.28 NOTE
r-devel-linux-x86_64-fedora-gcc 1.2.2 197.63 OK
r-devel-windows-ix86+x86_64 1.2.2 218.00 133.00 351.00 OK
r-devel-windows-ix86+x86_64-gcc8 1.2.2 231.00 114.00 345.00 OK
r-patched-linux-x86_64 1.2.2 59.55 49.52 109.07 OK
r-patched-solaris-x86 1.2.2 156.30 OK
r-release-linux-x86_64 1.2.2 61.05 49.17 110.22 OK
r-release-windows-ix86+x86_64 1.2.2 181.00 145.00 326.00 OK
r-release-osx-x86_64 1.2.2 NOTE
r-oldrel-windows-ix86+x86_64 1.2.2 150.00 86.00 236.00 OK
r-oldrel-osx-x86_64 1.2.2 NOTE

Additional issues

noSuggests

Check Details

Version: 1.2.2
Check: installed package size
Result: NOTE
     installed size is 6.6Mb
     sub-directories of 1Mb or more:
     libs 6.2Mb
Flavors: r-devel-linux-x86_64-fedora-clang, r-release-osx-x86_64, r-oldrel-osx-x86_64