CRAN Package Check Results for Package odbc

Last updated on 2019-08-25 10:46:24 CEST.

Flavor Version Tinstall Tcheck Ttotal Status Flags
r-devel-linux-x86_64-debian-clang 1.1.6 64.14 48.46 112.60 OK
r-devel-linux-x86_64-debian-gcc 1.1.6 52.86 38.66 91.52 WARN
r-devel-linux-x86_64-fedora-clang 1.1.6 179.73 NOTE
r-devel-linux-x86_64-fedora-gcc 1.1.6 166.30 WARN
r-devel-windows-ix86+x86_64 1.1.6 158.00 121.00 279.00 OK
r-patched-linux-x86_64 1.1.6 57.69 47.76 105.45 WARN
r-patched-solaris-x86 1.1.6 145.00 OK
r-release-linux-x86_64 1.1.6 57.98 47.79 105.77 WARN
r-release-windows-ix86+x86_64 1.1.6 219.00 134.00 353.00 OK
r-release-osx-x86_64 1.1.6 NOTE
r-oldrel-windows-ix86+x86_64 1.1.6 217.00 109.00 326.00 OK
r-oldrel-osx-x86_64 1.1.6 NOTE

Check Details

Version: 1.1.6
Check: whether package can be installed
Result: WARN
    Found the following significant warnings:
     connection.cpp:67:36: warning: catching polymorphic type ‘class nanodbc::database_error’ by value [-Wcatch-value=]
     odbc_connection.cpp:37:36: warning: catching polymorphic type ‘class nanodbc::database_error’ by value [-Wcatch-value=]
     odbc_connection.cpp:75:36: warning: catching polymorphic type ‘class nanodbc::database_error’ by value [-Wcatch-value=]
Flavors: r-devel-linux-x86_64-debian-gcc, r-devel-linux-x86_64-fedora-gcc, r-patched-linux-x86_64, r-release-linux-x86_64

Version: 1.1.6
Check: installed package size
Result: NOTE
     installed size is 6.2Mb
     sub-directories of 1Mb or more:
     libs 5.9Mb
Flavors: r-devel-linux-x86_64-fedora-clang, r-release-osx-x86_64, r-oldrel-osx-x86_64