CRAN Package Check Results for Package oce

Last updated on 2019-08-25 10:46:24 CEST.

Flavor Version Tinstall Tcheck Ttotal Status Flags
r-devel-linux-x86_64-debian-clang 1.1-1 208.61 420.30 628.91 OK
r-devel-linux-x86_64-debian-gcc 1.1-1 150.94 324.53 475.47 OK
r-devel-linux-x86_64-fedora-clang 1.1-1 818.38 NOTE
r-devel-linux-x86_64-fedora-gcc 1.1-1 788.73 OK
r-devel-windows-ix86+x86_64 1.1-1 332.00 596.00 928.00 NOTE
r-patched-linux-x86_64 1.1-1 175.76 416.12 591.88 OK
r-patched-solaris-x86 1.1-1 894.40 NOTE
r-release-linux-x86_64 1.1-1 174.34 415.83 590.17 OK
r-release-windows-ix86+x86_64 1.1-1 479.00 845.00 1324.00 NOTE
r-release-osx-x86_64 1.1-1 NOTE
r-oldrel-windows-ix86+x86_64 1.1-1 452.00 672.00 1124.00 NOTE
r-oldrel-osx-x86_64 1.1-1 NOTE

Check Details

Version: 1.1-1
Check: installed package size
Result: NOTE
     installed size is 12.6Mb
     sub-directories of 1Mb or more:
     R 2.3Mb
     doc 2.6Mb
     help 2.5Mb
     libs 3.5Mb
Flavors: r-devel-linux-x86_64-fedora-clang, r-devel-windows-ix86+x86_64, r-patched-solaris-x86, r-release-windows-ix86+x86_64, r-release-osx-x86_64, r-oldrel-windows-ix86+x86_64, r-oldrel-osx-x86_64