CRAN Package Check Results for Package oce

Last updated on 2019-05-23 10:54:09 CEST.

Flavor Version Tinstall Tcheck Ttotal Status Flags
r-devel-linux-x86_64-debian-clang 1.0-1 201.43 359.94 561.37 OK
r-devel-linux-x86_64-debian-gcc 1.0-1 149.99 280.33 430.32 OK
r-devel-linux-x86_64-fedora-clang 1.0-1 788.03 NOTE
r-devel-linux-x86_64-fedora-gcc 1.0-1 659.42 OK
r-devel-windows-ix86+x86_64 1.0-1 319.00 544.00 863.00 NOTE
r-patched-linux-x86_64 1.0-1 179.31 359.91 539.22 OK
r-patched-solaris-x86 1.0-1 802.50 NOTE
r-release-linux-x86_64 1.0-1 176.06 362.12 538.18 OK
r-release-windows-ix86+x86_64 1.0-1 439.00 658.00 1097.00 NOTE
r-release-osx-x86_64 1.0-1 NOTE
r-oldrel-windows-ix86+x86_64 1.0-1 325.00 429.00 754.00 NOTE
r-oldrel-osx-x86_64 1.0-1 NOTE

Additional issues

LTO

Check Details

Version: 1.0-1
Check: installed package size
Result: NOTE
     installed size is 10.8Mb
     sub-directories of 1Mb or more:
     R 2.1Mb
     doc 1.5Mb
     help 2.4Mb
     libs 3.1Mb
Flavors: r-devel-linux-x86_64-fedora-clang, r-devel-windows-ix86+x86_64, r-patched-solaris-x86, r-release-windows-ix86+x86_64, r-release-osx-x86_64, r-oldrel-windows-ix86+x86_64, r-oldrel-osx-x86_64