CRAN Package Check Results for Package oaqc

Last updated on 2020-07-14 09:50:41 CEST.

Flavor Version Tinstall Tcheck Ttotal Status Flags
r-devel-linux-x86_64-debian-clang 1.0 5.12 20.69 25.81 OK
r-devel-linux-x86_64-debian-gcc 1.0 3.57 16.95 20.52 OK
r-devel-linux-x86_64-fedora-clang 1.0 42.86 OK
r-devel-linux-x86_64-fedora-gcc 1.0 32.41 OK
r-devel-windows-ix86+x86_64 1.0 21.00 66.00 87.00 OK
r-patched-linux-x86_64 1.0 4.47 20.87 25.34 OK
r-patched-solaris-x86 1.0 51.70 OK
r-release-linux-x86_64 1.0 3.65 20.92 24.57 OK
r-release-macos-x86_64 1.0 FAIL
r-release-windows-ix86+x86_64 1.0 17.00 48.00 65.00 OK
r-oldrel-macos-x86_64 1.0 OK
r-oldrel-windows-ix86+x86_64 1.0 34.00 63.00 97.00 OK

Check Details

Version: 1.0
Check: DESCRIPTION meta-information
Result: FAIL
Flavor: r-release-macos-x86_64