CRAN Package Check Results for Package oRus

Last updated on 2023-11-30 19:52:06 CET.

Flavor Version Tinstall Tcheck Ttotal Status Flags
r-devel-linux-x86_64-debian-clang 1.0.0 19.15 155.49 174.64 NOTE
r-devel-linux-x86_64-debian-gcc 1.0.0 15.13 114.19 129.32 NOTE
r-devel-linux-x86_64-fedora-clang 1.0.0 218.08 NOTE
r-devel-linux-x86_64-fedora-gcc 1.0.0 225.79 NOTE
r-devel-windows-x86_64 1.0.0 15.00 115.00 130.00 NOTE
r-patched-linux-x86_64 1.0.0 11.50 147.57 159.07 NOTE
r-release-linux-x86_64 1.0.0 11.70 149.53 161.23 NOTE
r-release-macos-arm64 1.0.0 76.00 NOTE
r-release-macos-x86_64 1.0.0 110.00 NOTE
r-release-windows-x86_64 1.0.0 19.00 135.00 154.00 NOTE
r-oldrel-macos-arm64 1.0.0 58.00 NOTE
r-oldrel-macos-x86_64 1.0.0 115.00 NOTE
r-oldrel-windows-x86_64 1.0.0 19.00 135.00 154.00 NOTE

Check Details

Version: 1.0.0
Check: LazyData
Result: NOTE 'LazyData' is specified without a 'data' directory Flavors: r-devel-linux-x86_64-debian-clang, r-devel-linux-x86_64-debian-gcc, r-devel-linux-x86_64-fedora-clang, r-devel-linux-x86_64-fedora-gcc, r-devel-windows-x86_64, r-patched-linux-x86_64, r-release-linux-x86_64, r-release-macos-arm64, r-release-macos-x86_64, r-release-windows-x86_64, r-oldrel-macos-arm64, r-oldrel-macos-x86_64, r-oldrel-windows-x86_64

Version: 1.0.0
Check: dependencies in R code
Result: NOTE Namespaces in Imports field not imported from: ‘knitr’ ‘tibble’ All declared Imports should be used. Flavors: r-devel-linux-x86_64-fedora-clang, r-devel-linux-x86_64-fedora-gcc, r-oldrel-macos-arm64, r-oldrel-macos-x86_64