CRAN Package Check Results for Package o2plsda

Last updated on 2024-03-03 08:52:39 CET.

Flavor Version Tinstall Tcheck Ttotal Status Flags
r-devel-linux-x86_64-debian-clang 0.0.18 58.96 75.31 134.27 NOTE
r-devel-linux-x86_64-debian-gcc 0.0.18 38.32 57.75 96.07 NOTE
r-devel-linux-x86_64-fedora-clang 0.0.18 173.96 NOTE
r-devel-linux-x86_64-fedora-gcc 0.0.18 187.15 NOTE
r-devel-windows-x86_64 0.0.18 44.00 102.00 146.00 NOTE
r-patched-linux-x86_64 0.0.18 46.04 75.38 121.42 NOTE
r-release-linux-x86_64 0.0.18 40.18 73.48 113.66 NOTE
r-release-macos-arm64 0.0.18 53.00 NOTE
r-release-macos-x86_64 0.0.18 94.00 NOTE
r-release-windows-x86_64 0.0.18 54.00 119.00 173.00 NOTE
r-oldrel-macos-arm64 0.0.18 47.00 OK
r-oldrel-windows-x86_64 0.0.18 53.00 110.00 163.00 OK

Check Details

Version: 0.0.18
Check: C++ specification
Result: NOTE Specified C++11: please drop specification unless essential Flavors: r-devel-linux-x86_64-debian-clang, r-devel-linux-x86_64-debian-gcc, r-devel-linux-x86_64-fedora-clang, r-devel-linux-x86_64-fedora-gcc, r-devel-windows-x86_64, r-patched-linux-x86_64, r-release-linux-x86_64, r-release-macos-arm64, r-release-macos-x86_64, r-release-windows-x86_64

Version: 0.0.18
Check: Rd files
Result: NOTE checkRd: (-1) oplsda.Rd:28-29: Lost braces in \itemize; \value handles \item{}{} directly checkRd: (-1) oplsda.Rd:30-32: Lost braces in \itemize; \value handles \item{}{} directly checkRd: (-1) oplsda.Rd:33-35: Lost braces in \itemize; \value handles \item{}{} directly checkRd: (-1) oplsda.Rd:36-37: Lost braces in \itemize; \value handles \item{}{} directly checkRd: (-1) oplsda.Rd:38: Lost braces in \itemize; \value handles \item{}{} directly checkRd: (-1) oplsda.Rd:39-43: Lost braces in \itemize; \value handles \item{}{} directly checkRd: (-1) oplsda.Rd:44: Lost braces in \itemize; \value handles \item{}{} directly checkRd: (-1) oplsda.Rd:45: Lost braces in \itemize; \value handles \item{}{} directly checkRd: (-1) plsda.Rd:28-29: Lost braces in \itemize; \value handles \item{}{} directly checkRd: (-1) plsda.Rd:30-32: Lost braces in \itemize; \value handles \item{}{} directly checkRd: (-1) plsda.Rd:33-35: Lost braces in \itemize; \value handles \item{}{} directly checkRd: (-1) plsda.Rd:36: Lost braces in \itemize; \value handles \item{}{} directly checkRd: (-1) plsda.Rd:37: Lost braces in \itemize; \value handles \item{}{} directly checkRd: (-1) plsda.Rd:38: Lost braces in \itemize; \value handles \item{}{} directly checkRd: (-1) plsda.Rd:39: Lost braces 39 | \item{code{PRESS}}{The residual sum of squares for the samples which were not used to fit the model} | ^ checkRd: (-1) plsda.Rd:39: Lost braces in \itemize; \value handles \item{}{} directly checkRd: (-1) plsda.Rd:40: Lost braces 40 | \item{code{Q2}}{quality of cross-validation}} | ^ checkRd: (-1) plsda.Rd:40: Lost braces in \itemize; \value handles \item{}{} directly Flavors: r-devel-linux-x86_64-debian-clang, r-devel-linux-x86_64-debian-gcc, r-devel-linux-x86_64-fedora-clang, r-devel-linux-x86_64-fedora-gcc