CRAN Package Check Results for Package numbers

Last updated on 2021-09-20 20:48:54 CEST.

Flavor Version Tinstall Tcheck Ttotal Status Flags
r-devel-linux-x86_64-debian-clang 0.8-2 4.26 39.15 43.41 OK
r-devel-linux-x86_64-debian-gcc 0.8-2 3.54 29.66 33.20 OK
r-devel-linux-x86_64-fedora-clang 0.8-2 60.99 OK
r-devel-linux-x86_64-fedora-gcc 0.8-2 50.03 OK
r-devel-windows-x86_64 0.8-2 6.00 40.00 46.00 OK
r-devel-windows-x86_64-gcc10-UCRT 0.8-2 ERROR
r-patched-linux-x86_64 0.8-2 4.98 37.62 42.60 OK
r-patched-solaris-x86 0.8-2 67.70 OK
r-release-linux-x86_64 0.8-2 4.83 38.11 42.94 OK
r-release-macos-arm64 0.8-2 OK
r-release-macos-x86_64 0.8-2 OK
r-release-windows-ix86+x86_64 0.8-2 8.00 40.00 48.00 OK
r-oldrel-macos-x86_64 0.8-2 OK
r-oldrel-windows-ix86+x86_64 0.8-2 8.00 42.00 50.00 OK

Check Details

Version: 0.8-2
Check: whether package can be installed
Result: WARN
    Found the following significant warnings:
     WARNING: installation-time patches will not be applied, could not get the patches index
Flavor: r-devel-windows-x86_64-gcc10-UCRT

Version: 0.8-2
Check: PDF version of manual
Result: WARN
    LaTeX errors when creating PDF version.
    This typically indicates Rd problems.
Flavor: r-devel-windows-x86_64-gcc10-UCRT

Version: 0.8-2
Check: PDF version of manual without hyperrefs or index
Result: ERROR
    Re-running with no redirection of stdout/stderr.
Flavor: r-devel-windows-x86_64-gcc10-UCRT