CRAN Package Check Results for Package nullabor

Last updated on 2021-11-30 07:49:59 CET.

Flavor Version Tinstall Tcheck Ttotal Status Flags
r-devel-linux-x86_64-debian-clang 0.3.9 11.20 320.58 331.78 OK
r-devel-linux-x86_64-debian-gcc 0.3.9 7.96 237.73 245.69 OK
r-devel-linux-x86_64-fedora-clang 0.3.9 384.83 NOTE
r-devel-linux-x86_64-fedora-gcc 0.3.9 383.01 NOTE
r-devel-windows-x86_64-new-UL 0.3.9 25.00 387.00 412.00 OK
r-devel-windows-x86_64-new-TK 0.3.9 NOTE
r-devel-windows-x86_64-old 0.3.9 19.00 289.00 308.00 OK
r-patched-linux-x86_64 0.3.9 9.71 114.80 124.51 OK
r-patched-solaris-x86 0.3.9 212.30 NOTE
r-release-linux-x86_64 0.3.9 6.86 114.05 120.91 OK
r-release-macos-arm64 0.3.9 NOTE
r-release-macos-x86_64 0.3.9 NOTE
r-release-windows-ix86+x86_64 0.3.9 25.00 106.00 131.00 OK
r-oldrel-macos-x86_64 0.3.9 NOTE
r-oldrel-windows-ix86+x86_64 0.3.9 20.00 104.00 124.00 OK

Check Details

Version: 0.3.9
Check: dependencies in R code
Result: NOTE
    Namespaces in Imports field not imported from:
     ‘forecast’ ‘rlang’ ‘tsibble’ ‘viridis’
     All declared Imports should be used.
Flavors: r-devel-linux-x86_64-fedora-clang, r-devel-linux-x86_64-fedora-gcc, r-devel-windows-x86_64-new-TK, r-patched-solaris-x86, r-release-macos-arm64, r-release-macos-x86_64, r-oldrel-macos-x86_64