CRAN Package Check Results for Package npreg

Last updated on 2021-09-20 08:50:31 CEST.

Flavor Version Tinstall Tcheck Ttotal Status Flags
r-devel-linux-x86_64-debian-clang 1.0-6 11.25 71.69 82.94 OK
r-devel-linux-x86_64-debian-gcc 1.0-6 10.89 52.93 63.82 OK
r-devel-linux-x86_64-fedora-clang 1.0-6 109.23 OK
r-devel-linux-x86_64-fedora-gcc 1.0-6 98.56 OK
r-devel-windows-x86_64 1.0-6 16.00 65.00 81.00 OK
r-devel-windows-x86_64-gcc10-UCRT 1.0-6 ERROR
r-patched-linux-x86_64 1.0-6 12.86 69.08 81.94 OK
r-patched-solaris-x86 1.0-6 123.50 OK
r-release-linux-x86_64 1.0-6 11.50 69.45 80.95 OK
r-release-macos-arm64 1.0-6 OK
r-release-macos-x86_64 1.0-6 OK
r-release-windows-ix86+x86_64 1.0-6 20.00 63.00 83.00 OK
r-oldrel-macos-x86_64 1.0-6 OK
r-oldrel-windows-ix86+x86_64 1.0-6 20.00 84.00 104.00 OK

Check Details

Version: 1.0-6
Check: whether package can be installed
Result: WARN
    Found the following significant warnings:
     WARNING: installation-time patches will not be applied, could not get the patches index
Flavor: r-devel-windows-x86_64-gcc10-UCRT

Version: 1.0-6
Check: PDF version of manual
Result: WARN
    LaTeX errors when creating PDF version.
    This typically indicates Rd problems.
Flavor: r-devel-windows-x86_64-gcc10-UCRT

Version: 1.0-6
Check: PDF version of manual without hyperrefs or index
Result: ERROR
    Re-running with no redirection of stdout/stderr.
Flavor: r-devel-windows-x86_64-gcc10-UCRT