CRAN Package Check Results for Package nonet

Last updated on 2024-02-22 19:55:39 CET.

Flavor Version Tinstall Tcheck Ttotal Status Flags
r-devel-linux-x86_64-debian-clang 0.4.0 OK
r-devel-linux-x86_64-debian-gcc 0.4.0 12.05 170.87 182.92 OK
r-devel-linux-x86_64-fedora-clang 0.4.0 291.68 NOTE
r-devel-linux-x86_64-fedora-gcc 0.4.0 302.12 NOTE
r-devel-windows-x86_64 0.4.0 14.00 192.00 206.00 OK
r-patched-linux-x86_64 0.4.0 11.66 219.61 231.27 OK
r-release-linux-x86_64 0.4.0 9.86 220.25 230.11 OK
r-release-macos-arm64 0.4.0 113.00 OK
r-release-macos-x86_64 0.4.0 187.00 OK
r-release-windows-x86_64 0.4.0 20.00 237.00 257.00 OK
r-oldrel-macos-arm64 0.4.0 96.00 NOTE
r-oldrel-windows-x86_64 0.4.0 18.00 248.00 266.00 OK

Check Details

Version: 0.4.0
Check: dependencies in R code
Result: NOTE Namespaces in Imports field not imported from: ‘dplyr’ ‘e1071’ ‘pROC’ ‘purrr’ ‘randomForest’ ‘rlang’ All declared Imports should be used. Flavors: r-devel-linux-x86_64-fedora-clang, r-devel-linux-x86_64-fedora-gcc, r-oldrel-macos-arm64