Last updated on 2023-03-21 19:57:18 CET.
Flavor | Version | Tinstall | Tcheck | Ttotal | Status | Flags |
---|---|---|---|---|---|---|
r-devel-linux-x86_64-debian-clang | 0.2.6 | 2.31 | 33.02 | 35.33 | OK | |
r-devel-linux-x86_64-debian-gcc | 0.2.6 | 2.93 | 26.21 | 29.14 | OK | |
r-devel-linux-x86_64-fedora-clang | 0.2.6 | 47.39 | OK | |||
r-devel-linux-x86_64-fedora-gcc | 0.2.6 | 44.25 | OK | |||
r-patched-linux-x86_64 | 0.2.6 | 3.29 | 33.56 | 36.85 | OK | |
r-release-linux-x86_64 | 0.2.6 | 3.14 | 33.41 | 36.55 | OK | |
r-release-macos-arm64 | 0.2.6 | 24.00 | OK | |||
r-release-macos-x86_64 | 0.2.6 | 27.00 | OK | |||
r-release-windows-x86_64 | 0.2.6 | 51.00 | 63.00 | 114.00 | OK | |
r-oldrel-macos-arm64 | 0.2.6 | 21.00 | OK | |||
r-oldrel-macos-x86_64 | 0.2.6 | 30.00 | OK | |||
r-oldrel-windows-ix86+x86_64 | 0.2.6 | 9.00 | 61.00 | 70.00 | NOTE |
Version: 0.2.6
Check: dependencies in R code
Result: NOTE
Initiating curl with CURL_SSL_BACKEND: openssl
Flavor: r-oldrel-windows-ix86+x86_64