CRAN Package Check Results for Package noaastormevents

Last updated on 2019-08-23 10:48:18 CEST.

Flavor Version Tinstall Tcheck Ttotal Status Flags
r-devel-linux-x86_64-debian-clang 0.1.1 5.57 44.44 50.01 NOTE
r-devel-linux-x86_64-debian-gcc 0.1.1 5.01 34.99 40.00 NOTE
r-devel-linux-x86_64-fedora-clang 0.1.1 60.73 NOTE
r-devel-linux-x86_64-fedora-gcc 0.1.1 61.00 NOTE
r-devel-windows-ix86+x86_64 0.1.1 14.00 60.00 74.00 NOTE
r-patched-linux-x86_64 0.1.1 4.93 43.04 47.97 NOTE
r-patched-solaris-x86 0.1.1 91.10 NOTE
r-release-linux-x86_64 0.1.1 5.60 42.95 48.55 NOTE
r-release-windows-ix86+x86_64 0.1.1 25.00 96.00 121.00 NOTE
r-release-osx-x86_64 0.1.1 NOTE
r-oldrel-windows-ix86+x86_64 0.1.1 10.00 77.00 87.00 NOTE
r-oldrel-osx-x86_64 0.1.1 NOTE

Check Details

Version: 0.1.1
Check: package dependencies
Result: NOTE
    Package suggested but not available for checking: 'hurricaneexposuredata'
Flavors: r-devel-linux-x86_64-debian-clang, r-devel-linux-x86_64-debian-gcc, r-devel-linux-x86_64-fedora-clang, r-devel-linux-x86_64-fedora-gcc, r-devel-windows-ix86+x86_64, r-patched-linux-x86_64, r-patched-solaris-x86, r-release-linux-x86_64, r-release-windows-ix86+x86_64, r-release-osx-x86_64, r-oldrel-windows-ix86+x86_64, r-oldrel-osx-x86_64

Version: 0.1.1
Check: dependencies in R code
Result: NOTE
    Namespaces in Imports field not imported from:
     ‘RColorBrewer’ ‘XML’ ‘choroplethr’ ‘choroplethrMaps’ ‘data.table’
     ‘forcats’ ‘hurricaneexposure’ ‘plyr’
     All declared Imports should be used.
Flavors: r-devel-linux-x86_64-fedora-clang, r-devel-linux-x86_64-fedora-gcc, r-patched-solaris-x86, r-release-osx-x86_64, r-oldrel-osx-x86_64