CRAN Package Check Results for Package noaastormevents

Last updated on 2024-03-03 08:52:39 CET.

Flavor Version Tinstall Tcheck Ttotal Status Flags
r-devel-linux-x86_64-debian-clang 0.2.0 7.13 64.52 71.65 NOTE
r-devel-linux-x86_64-debian-gcc 0.2.0 5.67 49.03 54.70 NOTE
r-devel-linux-x86_64-fedora-clang 0.2.0 96.59 NOTE
r-devel-linux-x86_64-fedora-gcc 0.2.0 99.14 NOTE
r-devel-windows-x86_64 0.2.0 7.00 71.00 78.00 NOTE
r-patched-linux-x86_64 0.2.0 4.82 61.85 66.67 NOTE
r-release-linux-x86_64 0.2.0 4.97 61.95 66.92 NOTE
r-release-macos-arm64 0.2.0 38.00 NOTE
r-release-macos-x86_64 0.2.0 51.00 NOTE
r-release-windows-x86_64 0.2.0 10.00 78.00 88.00 NOTE
r-oldrel-macos-arm64 0.2.0 29.00 NOTE
r-oldrel-windows-x86_64 0.2.0 10.00 78.00 88.00 NOTE

Check Details

Version: 0.2.0
Check: package dependencies
Result: NOTE Package suggested but not available for checking: ‘hurricaneexposuredata’ Flavors: r-devel-linux-x86_64-debian-clang, r-devel-linux-x86_64-debian-gcc, r-devel-linux-x86_64-fedora-clang, r-devel-linux-x86_64-fedora-gcc, r-devel-windows-x86_64, r-patched-linux-x86_64, r-release-linux-x86_64, r-release-macos-arm64, r-release-macos-x86_64, r-release-windows-x86_64, r-oldrel-macos-arm64, r-oldrel-windows-x86_64

Version: 0.2.0
Check: Rd files
Result: NOTE checkRd: (-1) match_forecast_county.Rd:14: Lost braces in \itemize; meant \describe ? checkRd: (-1) match_forecast_county.Rd:15: Lost braces in \itemize; meant \describe ? checkRd: (-1) match_forecast_county.Rd:16: Lost braces in \itemize; meant \describe ? checkRd: (-1) parse_damage.Rd:26: Lost braces in \itemize; meant \describe ? checkRd: (-1) parse_damage.Rd:27: Lost braces in \itemize; meant \describe ? checkRd: (-1) parse_damage.Rd:28: Lost braces in \itemize; meant \describe ? checkRd: (-1) parse_damage.Rd:29: Lost braces in \itemize; meant \describe ? Flavors: r-devel-linux-x86_64-debian-clang, r-devel-linux-x86_64-debian-gcc, r-devel-linux-x86_64-fedora-clang, r-devel-linux-x86_64-fedora-gcc

Version: 0.2.0
Check: LazyData
Result: NOTE 'LazyData' is specified without a 'data' directory Flavors: r-devel-linux-x86_64-debian-clang, r-devel-linux-x86_64-debian-gcc, r-devel-linux-x86_64-fedora-clang, r-devel-linux-x86_64-fedora-gcc, r-devel-windows-x86_64, r-patched-linux-x86_64, r-release-linux-x86_64, r-release-macos-arm64, r-release-macos-x86_64, r-release-windows-x86_64, r-oldrel-macos-arm64, r-oldrel-windows-x86_64

Version: 0.2.0
Check: dependencies in R code
Result: NOTE Namespaces in Imports field not imported from: ‘RColorBrewer’ ‘choroplethr’ ‘choroplethrMaps’ ‘data.table’ ‘forcats’ ‘hurricaneexposure’ ‘plyr’ All declared Imports should be used. Flavors: r-devel-linux-x86_64-fedora-clang, r-devel-linux-x86_64-fedora-gcc, r-oldrel-macos-arm64