CRAN Package Check Results for Package noaastormevents

Last updated on 2020-01-25 08:50:01 CET.

Flavor Version Tinstall Tcheck Ttotal Status Flags
r-devel-linux-x86_64-debian-clang 0.1.1 5.87 48.16 54.03 NOTE
r-devel-linux-x86_64-debian-gcc 0.1.1 4.90 37.17 42.07 NOTE
r-devel-linux-x86_64-fedora-clang 0.1.1 66.90 NOTE
r-devel-linux-x86_64-fedora-gcc 0.1.1 64.80 NOTE
r-devel-windows-ix86+x86_64 0.1.1 29.00 94.00 123.00 NOTE
r-devel-windows-ix86+x86_64-gcc8 0.1.1 22.00 70.00 92.00 NOTE
r-patched-linux-x86_64 0.1.1 3.80 43.28 47.08 NOTE
r-patched-solaris-x86 0.1.1 94.50 NOTE
r-release-linux-x86_64 0.1.1 4.72 43.38 48.10 NOTE
r-release-windows-ix86+x86_64 0.1.1 15.00 68.00 83.00 NOTE
r-release-osx-x86_64 0.1.1 NOTE
r-oldrel-windows-ix86+x86_64 0.1.1 7.00 57.00 64.00 NOTE
r-oldrel-osx-x86_64 0.1.1 NOTE

Check Details

Version: 0.1.1
Check: package dependencies
Result: NOTE
    Package suggested but not available for checking: 'hurricaneexposuredata'
Flavors: r-devel-linux-x86_64-debian-clang, r-devel-linux-x86_64-debian-gcc, r-devel-linux-x86_64-fedora-clang, r-devel-linux-x86_64-fedora-gcc, r-devel-windows-ix86+x86_64, r-devel-windows-ix86+x86_64-gcc8, r-patched-linux-x86_64, r-patched-solaris-x86, r-release-linux-x86_64, r-release-windows-ix86+x86_64, r-release-osx-x86_64, r-oldrel-windows-ix86+x86_64, r-oldrel-osx-x86_64

Version: 0.1.1
Check: dependencies in R code
Result: NOTE
    Namespaces in Imports field not imported from:
     ‘RColorBrewer’ ‘XML’ ‘choroplethr’ ‘choroplethrMaps’ ‘data.table’
     ‘forcats’ ‘hurricaneexposure’ ‘plyr’
     All declared Imports should be used.
Flavors: r-devel-linux-x86_64-fedora-clang, r-devel-linux-x86_64-fedora-gcc, r-patched-solaris-x86, r-release-osx-x86_64, r-oldrel-osx-x86_64