CRAN Package Check Results for Package nnls

Last updated on 2020-01-19 08:47:51 CET.

Flavor Version Tinstall Tcheck Ttotal Status Flags
r-devel-linux-x86_64-debian-clang 1.4 2.78 17.71 20.49 OK
r-devel-linux-x86_64-debian-gcc 1.4 1.91 14.43 16.34 OK
r-devel-linux-x86_64-fedora-clang 1.4 26.09 NOTE
r-devel-linux-x86_64-fedora-gcc 1.4 25.06 NOTE
r-devel-windows-ix86+x86_64 1.4 17.00 52.00 69.00 OK
r-devel-windows-ix86+x86_64-gcc8 1.4 9.00 59.00 68.00 OK
r-patched-linux-x86_64 1.4 2.27 16.34 18.61 OK
r-patched-solaris-x86 1.4 36.80 OK
r-release-linux-x86_64 1.4 2.23 16.47 18.70 OK
r-release-windows-ix86+x86_64 1.4 8.00 46.00 54.00 OK
r-release-osx-x86_64 1.4 OK
r-oldrel-windows-ix86+x86_64 1.4 7.00 31.00 38.00 OK
r-oldrel-osx-x86_64 1.4 OK

Check Details

Version: 1.4
Check: compiled code
Result: NOTE
    File ‘nnls/libs/nnls.so’:
     Found no calls to: ‘R_registerRoutines’, ‘R_useDynamicSymbols’
    
    It is good practice to register native routines and to disable symbol
    search.
    
    See ‘Writing portable packages’ in the ‘Writing R Extensions’ manual.
Flavors: r-devel-linux-x86_64-fedora-clang, r-devel-linux-x86_64-fedora-gcc