CRAN Package Check Results for Package nmslibR

Last updated on 2020-02-27 09:49:41 CET.

Flavor Version Tinstall Tcheck Ttotal Status Flags
r-devel-linux-x86_64-debian-clang 1.0.3 35.90 81.61 117.51 OK
r-devel-linux-x86_64-debian-gcc 1.0.3 24.76 64.02 88.78 OK
r-devel-linux-x86_64-fedora-clang 1.0.3 165.97 OK
r-devel-linux-x86_64-fedora-gcc 1.0.3 171.92 OK
r-devel-windows-ix86+x86_64 1.0.3 57.00 120.00 177.00 OK
r-devel-windows-ix86+x86_64-gcc8 1.0.3 79.00 125.00 204.00 NOTE
r-patched-linux-x86_64 1.0.3 28.67 74.46 103.13 OK
r-patched-solaris-x86 1.0.3 161.10 OK
r-release-linux-x86_64 1.0.3 29.54 74.65 104.19 OK
r-release-windows-ix86+x86_64 1.0.3 68.00 110.00 178.00 OK
r-release-osx-x86_64 1.0.3 OK
r-oldrel-windows-ix86+x86_64 1.0.3 61.00 105.00 166.00 OK
r-oldrel-osx-x86_64 1.0.3 OK

Check Details

Version: 1.0.3
Check: installed package size
Result: NOTE
     installed size is 5.2Mb
     sub-directories of 1Mb or more:
     libs 2.2Mb
Flavor: r-devel-windows-ix86+x86_64-gcc8