CRAN Package Check Results for Package nmaplateplot

Last updated on 2024-02-23 07:52:15 CET.

Flavor Version Tinstall Tcheck Ttotal Status Flags
r-devel-linux-x86_64-debian-clang 1.0.1 OK
r-devel-linux-x86_64-debian-gcc 1.0.1 3.60 61.78 65.38 OK
r-devel-linux-x86_64-fedora-clang 1.0.1 106.92 NOTE
r-devel-linux-x86_64-fedora-gcc 1.0.1 115.68 OK
r-devel-windows-x86_64 1.0.1 5.00 75.00 80.00 NOTE
r-patched-linux-x86_64 1.0.1 4.43 82.40 86.83 OK
r-release-linux-x86_64 1.0.1 4.54 82.08 86.62 OK
r-release-macos-arm64 1.0.1 40.00 NOTE
r-release-macos-x86_64 1.0.1 63.00 NOTE
r-release-windows-x86_64 1.0.1 6.00 88.00 94.00 NOTE
r-oldrel-macos-arm64 1.0.1 32.00 NOTE
r-oldrel-windows-x86_64 1.0.1 6.00 93.00 99.00 NOTE

Check Details

Version: 1.0.1
Check: installed package size
Result: NOTE installed size is 7.6Mb sub-directories of 1Mb or more: doc 7.4Mb Flavors: r-devel-linux-x86_64-fedora-clang, r-devel-windows-x86_64, r-release-macos-arm64, r-release-macos-x86_64, r-release-windows-x86_64, r-oldrel-macos-arm64, r-oldrel-windows-x86_64