CRAN Package Check Results for Package nmaplateplot

Last updated on 2021-12-04 07:50:28 CET.

Flavor Version Tinstall Tcheck Ttotal Status Flags
r-devel-linux-x86_64-debian-clang 1.0.1 3.97 80.99 84.96 OK
r-devel-linux-x86_64-debian-gcc 1.0.1 2.81 60.63 63.44 OK
r-devel-linux-x86_64-fedora-clang 1.0.1 100.17 NOTE
r-devel-linux-x86_64-fedora-gcc 1.0.1 91.44 OK
r-devel-windows-x86_64-new-UL 1.0.1 12.00 111.00 123.00 NOTE
r-devel-windows-x86_64-new-TK 1.0.1 OK
r-devel-windows-x86_64-old 1.0.1 6.00 74.00 80.00 NOTE
r-patched-linux-x86_64 1.0.1 4.58 66.57 71.15 OK
r-release-linux-x86_64 1.0.1 4.83 67.38 72.21 OK
r-release-macos-arm64 1.0.1 NOTE
r-release-macos-x86_64 1.0.1 NOTE
r-release-windows-ix86+x86_64 1.0.1 9.00 97.00 106.00 NOTE
r-oldrel-macos-x86_64 1.0.1 NOTE
r-oldrel-windows-ix86+x86_64 1.0.1 8.00 90.00 98.00 NOTE

Check Details

Version: 1.0.1
Check: installed package size
Result: NOTE
     installed size is 7.6Mb
     sub-directories of 1Mb or more:
     doc 7.4Mb
Flavors: r-devel-linux-x86_64-fedora-clang, r-devel-windows-x86_64-new-UL, r-devel-windows-x86_64-old, r-release-macos-arm64, r-release-macos-x86_64, r-release-windows-ix86+x86_64, r-oldrel-macos-x86_64, r-oldrel-windows-ix86+x86_64