CRAN Package Check Results for Package nlstools

Last updated on 2020-07-14 09:50:40 CEST.

Flavor Version Tinstall Tcheck Ttotal Status Flags
r-devel-linux-x86_64-debian-clang 1.0-2 3.32 29.54 32.86 OK
r-devel-linux-x86_64-debian-gcc 1.0-2 2.18 23.15 25.33 OK
r-devel-linux-x86_64-fedora-clang 1.0-2 47.27 OK
r-devel-linux-x86_64-fedora-gcc 1.0-2 39.87 OK
r-devel-windows-ix86+x86_64 1.0-2 7.00 54.00 61.00 OK
r-patched-linux-x86_64 1.0-2 3.21 29.25 32.46 OK
r-patched-solaris-x86 1.0-2 55.40 OK
r-release-linux-x86_64 1.0-2 2.76 29.65 32.41 OK
r-release-macos-x86_64 1.0-2 ERROR
r-release-windows-ix86+x86_64 1.0-2 5.00 50.00 55.00 OK
r-oldrel-macos-x86_64 1.0-2 OK
r-oldrel-windows-ix86+x86_64 1.0-2 5.00 53.00 58.00 OK

Check Details

Version: 1.0-2
Check: whether package can be installed
Result: ERROR
    Installation failed.
Flavor: r-release-macos-x86_64