CRAN Package Check Results for Package nlpsem

Last updated on 2024-02-29 07:52:42 CET.

Flavor Version Tinstall Tcheck Ttotal Status Flags
r-devel-linux-x86_64-debian-clang 0.3 60.86 410.07 470.93 OK
r-devel-linux-x86_64-debian-gcc 0.3 52.41 295.15 347.56 OK
r-devel-linux-x86_64-fedora-clang 0.3 592.47 NOTE
r-devel-linux-x86_64-fedora-gcc 0.3 578.19 OK
r-devel-windows-x86_64 0.3 51.00 266.00 317.00 NOTE
r-patched-linux-x86_64 0.3 53.54 393.31 446.85 OK
r-release-linux-x86_64 0.3 41.34 394.87 436.21 OK
r-release-macos-arm64 0.3 187.00 NOTE
r-release-macos-x86_64 0.3 316.00 NOTE
r-release-windows-x86_64 0.3 70.00 338.00 408.00 NOTE
r-oldrel-macos-arm64 0.3 155.00 NOTE
r-oldrel-windows-x86_64 0.3 73.00 330.00 403.00 NOTE

Check Details

Version: 0.3
Check: installed package size
Result: NOTE installed size is 6.2Mb sub-directories of 1Mb or more: doc 1.2Mb extdata 3.7Mb Flavors: r-devel-linux-x86_64-fedora-clang, r-devel-windows-x86_64, r-release-macos-arm64, r-release-macos-x86_64, r-release-windows-x86_64, r-oldrel-macos-arm64, r-oldrel-windows-x86_64