CRAN Package Check Results for Package nlmixr2est

Last updated on 2022-09-28 08:51:24 CEST.

Flavor Version Tinstall Tcheck Ttotal Status Flags
r-devel-linux-x86_64-debian-clang 2.0.8 373.45 234.17 607.62 WARN
r-devel-linux-x86_64-debian-gcc 2.0.8 309.23 170.27 479.50 OK
r-devel-linux-x86_64-fedora-clang 2.0.8 883.85 WARN
r-devel-linux-x86_64-fedora-gcc 2.0.8 836.43 OK
r-devel-windows-x86_64 2.0.8 385.00 304.00 689.00 OK
r-patched-linux-x86_64 2.0.8 267.58 214.63 482.21 OK
r-release-linux-x86_64 2.0.8 260.26 214.56 474.82 OK
r-release-macos-arm64 2.0.8 195.00 NOTE
r-release-macos-x86_64 2.0.8 253.00 NOTE
r-release-windows-x86_64 2.0.8 361.00 299.00 660.00 OK
r-oldrel-macos-arm64 2.0.8 163.00 NOTE
r-oldrel-macos-x86_64 2.0.8 247.00 NOTE
r-oldrel-windows-ix86+x86_64 2.0.8 876.00 448.00 1324.00 NOTE

Additional issues

clang15 clang15

Check Details

Version: 2.0.8
Check: whether package can be installed
Result: WARN
    Found the following significant warnings:
     inner.cpp:100:15: warning: anonymous non-C-compatible type given name for linkage purposes by typedef declaration; add a tag name here [-Wnon-c-typedef-for-linkage]
     inner.cpp:312:15: warning: anonymous non-C-compatible type given name for linkage purposes by typedef declaration; add a tag name here [-Wnon-c-typedef-for-linkage]
     inner.cpp:411:15: warning: anonymous non-C-compatible type given name for linkage purposes by typedef declaration; add a tag name here [-Wnon-c-typedef-for-linkage]
     ./npde.h:29:15: warning: anonymous non-C-compatible type given name for linkage purposes by typedef declaration; add a tag name here [-Wnon-c-typedef-for-linkage]
Flavors: r-devel-linux-x86_64-debian-clang, r-devel-linux-x86_64-fedora-clang

Version: 2.0.8
Check: installed package size
Result: NOTE
     installed size is 27.8Mb
     sub-directories of 1Mb or more:
     libs 26.7Mb
Flavors: r-release-macos-arm64, r-release-macos-x86_64, r-oldrel-macos-arm64, r-oldrel-macos-x86_64, r-oldrel-windows-ix86+x86_64