CRAN Package Check Results for Package njtr1

Last updated on 2024-02-24 19:50:46 CET.

Flavor Version Tinstall Tcheck Ttotal Status Flags
r-devel-linux-x86_64-debian-clang 0.3.2 8.09 61.85 69.94 OK
r-devel-linux-x86_64-debian-gcc 0.3.2 5.44 44.80 50.24 OK
r-devel-linux-x86_64-fedora-clang 0.3.2 83.72 NOTE
r-devel-linux-x86_64-fedora-gcc 0.3.2 89.97 NOTE
r-devel-windows-x86_64 0.3.2 7.00 67.00 74.00 OK
r-patched-linux-x86_64 0.3.2 4.24 57.38 61.62 OK
r-release-linux-x86_64 0.3.2 3.95 56.53 60.48 OK
r-release-macos-arm64 0.3.2 38.00 OK
r-release-macos-x86_64 0.3.2 56.00 OK
r-release-windows-x86_64 0.3.2 9.00 75.00 84.00 OK
r-oldrel-macos-arm64 0.3.2 32.00 NOTE
r-oldrel-windows-x86_64 0.3.2 9.00 78.00 87.00 OK

Check Details

Version: 0.3.2
Check: data for non-ASCII characters
Result: NOTE Note: found 4 marked UTF-8 strings Flavors: r-devel-linux-x86_64-fedora-clang, r-devel-linux-x86_64-fedora-gcc, r-oldrel-macos-arm64