CRAN Package Check Results for Package nimbleSMC

Last updated on 2021-09-23 08:51:10 CEST.

Flavor Version Tinstall Tcheck Ttotal Status Flags
r-devel-linux-x86_64-debian-clang 0.10.0 15.74 76.65 92.39 NOTE
r-devel-linux-x86_64-debian-gcc 0.10.0 12.50 59.40 71.90 NOTE
r-devel-linux-x86_64-fedora-clang 0.10.0 122.99 NOTE
r-devel-linux-x86_64-fedora-gcc 0.10.0 111.55 NOTE
r-devel-windows-x86_64 0.10.0 19.00 70.00 89.00 NOTE
r-devel-windows-x86_64-gcc10-UCRT 0.10.0 ERROR
r-patched-linux-x86_64 0.10.0 16.36 74.02 90.38 NOTE
r-patched-solaris-x86 0.10.0 173.40 NOTE
r-release-linux-x86_64 0.10.0 15.05 74.20 89.25 NOTE
r-release-macos-arm64 0.10.0 NOTE
r-release-macos-x86_64 0.10.0 NOTE
r-release-windows-ix86+x86_64 0.10.0 28.00 68.00 96.00 NOTE
r-oldrel-macos-x86_64 0.10.0 NOTE
r-oldrel-windows-ix86+x86_64 0.10.0 19.00 67.00 86.00 OK

Check Details

Version: 0.10.0
Check: LazyData
Result: NOTE
     'LazyData' is specified without a 'data' directory
Flavors: r-devel-linux-x86_64-debian-clang, r-devel-linux-x86_64-debian-gcc, r-devel-linux-x86_64-fedora-clang, r-devel-linux-x86_64-fedora-gcc, r-devel-windows-x86_64, r-patched-linux-x86_64, r-patched-solaris-x86, r-release-linux-x86_64, r-release-macos-arm64, r-release-macos-x86_64, r-release-windows-ix86+x86_64

Version: 0.10.0
Check: dependencies in R code
Result: NOTE
    Namespace in Imports field not imported from: ‘methods’
     All declared Imports should be used.
Flavors: r-devel-linux-x86_64-fedora-clang, r-devel-linux-x86_64-fedora-gcc, r-patched-solaris-x86, r-release-macos-arm64, r-release-macos-x86_64, r-oldrel-macos-x86_64

Version: 0.10.0
Check: package dependencies
Result: ERROR
    Package required but not available: 'nimble'
    
    See section 'The DESCRIPTION file' in the 'Writing R Extensions'
    manual.
Flavor: r-devel-windows-x86_64-gcc10-UCRT