Last updated on 2023-06-01 21:53:01 CEST.
Flavor | Version | Tinstall | Tcheck | Ttotal | Status | Flags |
---|---|---|---|---|---|---|
r-devel-linux-x86_64-debian-clang | 1.0.0 | 475.33 | 307.26 | 782.59 | OK | |
r-devel-linux-x86_64-debian-gcc | 1.0.0 | 375.28 | 239.47 | 614.75 | OK | |
r-devel-linux-x86_64-fedora-clang | 1.0.0 | 1120.19 | NOTE | |||
r-devel-linux-x86_64-fedora-gcc | 1.0.0 | 1132.02 | OK | |||
r-devel-windows-x86_64 | 1.0.0 | 403.00 | 244.00 | 647.00 | NOTE | |
r-patched-linux-x86_64 | 1.0.0 | OK | ||||
r-release-linux-x86_64 | 1.0.0 | 397.50 | 309.63 | 707.13 | OK | |
r-release-macos-arm64 | 1.0.0 | 262.00 | NOTE | |||
r-release-macos-x86_64 | 0.13.1 | 299.00 | NOTE | |||
r-release-windows-x86_64 | 1.0.0 | 527.00 | 310.00 | 837.00 | NOTE | |
r-oldrel-macos-arm64 | 1.0.0 | 249.00 | NOTE | |||
r-oldrel-macos-x86_64 | 1.0.0 | 292.00 | NOTE | |||
r-oldrel-windows-x86_64 | 1.0.0 | 477.00 | 261.00 | 738.00 | NOTE |
Version: 1.0.0
Check: installed package size
Result: NOTE
installed size is 23.6Mb
sub-directories of 1Mb or more:
CppCode 2.7Mb
R 7.4Mb
classic-bugs 1.6Mb
include 10.6Mb
Flavors: r-devel-linux-x86_64-fedora-clang, r-devel-windows-x86_64, r-release-macos-arm64, r-release-windows-x86_64, r-oldrel-macos-arm64, r-oldrel-macos-x86_64, r-oldrel-windows-x86_64
Version: 0.13.1
Check: C++ specification
Result: NOTE
Specified C++11: please drop specification unless essential
Flavor: r-release-macos-x86_64
Version: 0.13.1
Check: installed package size
Result: NOTE
installed size is 32.5Mb
sub-directories of 1Mb or more:
CppCode 1.3Mb
R 7.1Mb
classic-bugs 1.5Mb
include 5.7Mb
libs 16.2Mb
Flavor: r-release-macos-x86_64