CRAN Package Check Results for Package ngramrr

Last updated on 2024-02-20 19:51:11 CET.

Flavor Version Tinstall Tcheck Ttotal Status Flags
r-devel-linux-x86_64-debian-clang 0.2.0 NOTE
r-devel-linux-x86_64-debian-gcc 0.2.0 2.82 27.99 30.81 NOTE
r-devel-linux-x86_64-fedora-clang 0.2.0 49.15 NOTE
r-devel-linux-x86_64-fedora-gcc 0.2.0 47.37 NOTE
r-devel-windows-x86_64 0.2.0 4.00 53.00 57.00 NOTE
r-patched-linux-x86_64 0.2.0 3.18 35.58 38.76 NOTE
r-release-linux-x86_64 0.2.0 3.15 35.76 38.91 NOTE
r-release-macos-arm64 0.2.0 20.00 NOTE
r-release-macos-x86_64 0.2.0 25.00 NOTE
r-release-windows-x86_64 0.2.0 4.00 55.00 59.00 NOTE
r-oldrel-macos-arm64 0.2.0 24.00 NOTE
r-oldrel-windows-x86_64 0.2.0 5.00 60.00 65.00 NOTE

Check Details

Version: 0.2.0
Check: LazyData
Result: NOTE 'LazyData' is specified without a 'data' directory Flavors: r-devel-linux-x86_64-debian-clang, r-devel-linux-x86_64-debian-gcc, r-devel-linux-x86_64-fedora-clang, r-devel-linux-x86_64-fedora-gcc, r-devel-windows-x86_64, r-patched-linux-x86_64, r-release-linux-x86_64, r-release-macos-arm64, r-release-macos-x86_64, r-release-windows-x86_64, r-oldrel-macos-arm64, r-oldrel-windows-x86_64