CRAN Package Check Results for Package neuroim

Last updated on 2021-09-24 20:48:52 CEST.

Flavor Version Tinstall Tcheck Ttotal Status Flags
r-devel-linux-x86_64-debian-clang 0.0.6 44.75 158.85 203.60 OK
r-devel-linux-x86_64-debian-gcc 0.0.6 29.83 117.12 146.95 OK
r-devel-linux-x86_64-fedora-clang 0.0.6 254.54 NOTE
r-devel-linux-x86_64-fedora-gcc 0.0.6 235.56 NOTE
r-devel-windows-x86_64 0.0.6 42.00 161.00 203.00 OK
r-devel-windows-x86_64-gcc10-UCRT 0.0.6 OK
r-patched-linux-x86_64 0.0.6 36.20 143.47 179.67 OK
r-patched-solaris-x86 0.0.6 316.90 OK
r-release-linux-x86_64 0.0.6 32.12 144.45 176.57 OK
r-release-macos-arm64 0.0.6 OK
r-release-macos-x86_64 0.0.6 OK
r-release-windows-ix86+x86_64 0.0.6 85.00 191.00 276.00 OK
r-oldrel-macos-x86_64 0.0.6 OK
r-oldrel-windows-ix86+x86_64 0.0.6 66.00 188.00 254.00 OK

Check Details

Version: 0.0.6
Check: compiled code
Result: NOTE
    File ‘neuroim/libs/neuroim.so’:
     Found no calls to: ‘R_registerRoutines’, ‘R_useDynamicSymbols’
    
    It is good practice to register native routines and to disable symbol
    search.
    
    See ‘Writing portable packages’ in the ‘Writing R Extensions’ manual.
Flavors: r-devel-linux-x86_64-fedora-clang, r-devel-linux-x86_64-fedora-gcc