CRAN Package Check Results for Package networkGen

Last updated on 2020-07-14 09:50:40 CEST.

Flavor Version Tinstall Tcheck Ttotal Status Flags
r-devel-linux-x86_64-debian-clang 0.1.1 3.48 29.37 32.85 NOTE
r-devel-linux-x86_64-debian-gcc 0.1.1 2.35 23.33 25.68 NOTE
r-devel-linux-x86_64-fedora-clang 0.1.1 48.37 NOTE
r-devel-linux-x86_64-fedora-gcc 0.1.1 40.62 NOTE
r-devel-windows-ix86+x86_64 0.1.1 11.00 57.00 68.00 OK
r-patched-linux-x86_64 0.1.1 3.29 29.36 32.65 NOTE
r-patched-solaris-x86 0.1.1 59.70 NOTE
r-release-linux-x86_64 0.1.1 3.24 29.24 32.48 NOTE
r-release-macos-x86_64 0.1.1 ERROR
r-release-windows-ix86+x86_64 0.1.1 9.00 43.00 52.00 OK
r-oldrel-macos-x86_64 0.1.1 NOTE
r-oldrel-windows-ix86+x86_64 0.1.1 7.00 51.00 58.00 OK

Check Details

Version: 0.1.1
Check: for non-standard things in the check directory
Result: NOTE
    Found the following files/directories:
     'map.png' 'maze.html'
Flavors: r-devel-linux-x86_64-debian-clang, r-devel-linux-x86_64-debian-gcc, r-devel-linux-x86_64-fedora-clang, r-devel-linux-x86_64-fedora-gcc, r-patched-linux-x86_64, r-patched-solaris-x86, r-release-linux-x86_64

Version: 0.1.1
Check: dependencies in R code
Result: NOTE
    Namespaces in Imports field not imported from:
     ‘mgcv’ ‘stats’
     All declared Imports should be used.
Flavors: r-devel-linux-x86_64-fedora-clang, r-devel-linux-x86_64-fedora-gcc, r-patched-solaris-x86, r-oldrel-macos-x86_64

Version: 0.1.1
Check: whether package can be installed
Result: ERROR
    Installation failed.
Flavor: r-release-macos-x86_64