CRAN Package Check Results for Package network

Last updated on 2021-07-24 21:51:58 CEST.

Flavor Version Tinstall Tcheck Ttotal Status Flags
r-devel-linux-x86_64-debian-clang 1.17.1 13.82 103.42 117.24 OK
r-devel-linux-x86_64-debian-gcc 1.17.1 12.16 77.73 89.89 OK
r-devel-linux-x86_64-fedora-clang 1.17.1 146.65 OK
r-devel-linux-x86_64-fedora-gcc 1.17.1 136.82 OK
r-devel-windows-x86_64 1.17.1 14.00 100.00 114.00 OK
r-devel-windows-x86_64-gcc10-UCRT 1.17.1 OK
r-patched-linux-x86_64 1.17.1 16.23 97.18 113.41 OK
r-patched-solaris-x86 1.17.1 185.30 OK
r-release-linux-x86_64 1.17.1 12.61 97.57 110.18 OK
r-release-macos-arm64 1.17.1 OK
r-release-macos-x86_64 1.17.1 OK
r-release-windows-ix86+x86_64 1.17.1 29.00 129.00 158.00 OK
r-oldrel-macos-x86_64 1.17.1 OK
r-oldrel-windows-ix86+x86_64 1.17.1 32.00 178.00 210.00 ERROR

Additional issues

rchk

Check Details

Version: 1.17.1
Check: running tests for arch ‘i386’
Result: ERROR
     Running 'general.tests.R' [1s]
     Running 'general.tests2.R' [4s]
     Running 'list.attribute.tests.R' [1s]
     Running 'network.access.test.R' [1s]
     Running 'network.battery.R' [1s]
     Running 'pathological.tests.R' [1s]
     Running 'plotflo.R' [1s]
     Running 'speedTests.R' [7s]
     Running 'testthat.R' [15s]
     Running 'vignette.R' [2s]
    Running the tests in 'tests/testthat.R' failed.
    Complete output:
     > library(testthat)
     > library(network)
    
     'network' 1.17.1 (2021-06-12), part of the Statnet Project
     * 'news(package="network")' for changes since last version
     * 'citation("network")' for citation information
     * 'https://statnet.org' for help, support, and other information
    
     >
     > test_check("network")
     == Failed tests ================================================================
     -- Error (test-read.paj.R:159:1): (code run outside of `test_that()`) ----------
     Error: cannot open URL 'http://vlado.fmf.uni-lj.si/pub/networks/data/esna/scotland.zip'
     Backtrace:
     x
     1. \-utils::download.file(...) test-read.paj.R:159:0
    
     [ FAIL 1 | WARN 1 | SKIP 0 | PASS 222 ]
     Error: Test failures
     Execution halted
Flavor: r-oldrel-windows-ix86+x86_64

Version: 1.17.1
Check: running tests for arch ‘x64’
Result: ERROR
     Running 'general.tests.R' [1s]
     Running 'general.tests2.R' [4s]
     Running 'list.attribute.tests.R' [1s]
     Running 'network.access.test.R' [1s]
     Running 'network.battery.R' [1s]
     Running 'pathological.tests.R' [1s]
     Running 'plotflo.R' [1s]
     Running 'speedTests.R' [7s]
     Running 'testthat.R' [4s]
     Running 'vignette.R' [1s]
    Running the tests in 'tests/testthat.R' failed.
    Complete output:
     > library(testthat)
     > library(network)
    
     'network' 1.17.1 (2021-06-12), part of the Statnet Project
     * 'news(package="network")' for changes since last version
     * 'citation("network")' for citation information
     * 'https://statnet.org' for help, support, and other information
    
     >
     > test_check("network")
     == Failed tests ================================================================
     -- Error (test-read.paj.R:159:1): (code run outside of `test_that()`) ----------
     Error: cannot open URL 'http://vlado.fmf.uni-lj.si/pub/networks/data/esna/scotland.zip'
     Backtrace:
     x
     1. \-utils::download.file(...) test-read.paj.R:159:0
    
     [ FAIL 1 | WARN 1 | SKIP 0 | PASS 222 ]
     Error: Test failures
     Execution halted
Flavor: r-oldrel-windows-ix86+x86_64