Last updated on 2023-09-21 20:54:51 CEST.
Flavor | Version | Tinstall | Tcheck | Ttotal | Status | Flags |
---|---|---|---|---|---|---|
r-devel-linux-x86_64-debian-clang | 1.22.6 | 172.18 | 475.98 | 648.16 | OK | |
r-devel-linux-x86_64-debian-gcc | 1.22.6 | 120.60 | 339.84 | 460.44 | OK | |
r-devel-linux-x86_64-fedora-clang | 1.22.6 | 831.83 | OK | |||
r-devel-linux-x86_64-fedora-gcc | 1.22.6 | 817.73 | OK | |||
r-devel-windows-x86_64 | 1.22.6 | 121.00 | 259.00 | 380.00 | NOTE | --no-vignettes |
r-patched-linux-x86_64 | 1.22.6 | 125.12 | 449.54 | 574.66 | OK | |
r-release-linux-x86_64 | 1.22.6 | 126.43 | 447.31 | 573.74 | OK | |
r-release-macos-arm64 | 1.22.6 | 195.00 | NOTE | |||
r-release-macos-x86_64 | 1.22.6 | 361.00 | NOTE | |||
r-release-windows-x86_64 | 1.22.6 | 163.00 | 332.00 | 495.00 | NOTE | --no-vignettes |
r-oldrel-macos-arm64 | 1.22.6 | 204.00 | NOTE | |||
r-oldrel-macos-x86_64 | 1.22.6 | 238.00 | NOTE | |||
r-oldrel-windows-x86_64 | 1.22.6 | 155.00 | 310.00 | 465.00 | NOTE | --no-vignettes |
Version: 1.22.6
Flags: --no-vignettes
Check: installed package size
Result: NOTE
installed size is 5.8Mb
sub-directories of 1Mb or more:
doc 2.5Mb
libs 1.5Mb
Flavors: r-devel-windows-x86_64, r-release-windows-x86_64, r-oldrel-windows-x86_64
Version: 1.22.6
Check: installed package size
Result: NOTE
installed size is 9.9Mb
sub-directories of 1Mb or more:
doc 2.5Mb
libs 5.5Mb
Flavors: r-release-macos-arm64, r-release-macos-x86_64, r-oldrel-macos-arm64, r-oldrel-macos-x86_64