CRAN Package Check Results for Package netchain

Last updated on 2020-07-14 09:50:40 CEST.

Flavor Version Tinstall Tcheck Ttotal Status Flags
r-devel-linux-x86_64-debian-clang 0.2.0 21.24 111.39 132.63 OK
r-devel-linux-x86_64-debian-gcc 0.2.0 14.97 76.35 91.32 OK
r-devel-linux-x86_64-fedora-clang 0.2.0 162.14 NOTE
r-devel-linux-x86_64-fedora-gcc 0.2.0 155.94 NOTE
r-devel-windows-ix86+x86_64 0.2.0 58.00 255.00 313.00 OK
r-patched-linux-x86_64 0.2.0 16.87 105.02 121.89 OK
r-patched-solaris-x86 0.2.0 167.70 NOTE
r-release-linux-x86_64 0.2.0 16.43 103.72 120.15 OK
r-release-macos-x86_64 0.2.0 ERROR
r-release-windows-ix86+x86_64 0.2.0 53.00 255.00 308.00 OK
r-oldrel-macos-x86_64 0.2.0 NOTE
r-oldrel-windows-ix86+x86_64 0.2.0 52.00 239.00 291.00 OK

Check Details

Version: 0.2.0
Check: dependencies in R code
Result: NOTE
    Namespaces in Imports field not imported from:
     ‘Matrix’ ‘igraph’
     All declared Imports should be used.
Flavors: r-devel-linux-x86_64-fedora-clang, r-devel-linux-x86_64-fedora-gcc, r-patched-solaris-x86, r-oldrel-macos-x86_64

Version: 0.2.0
Check: whether package can be installed
Result: ERROR
    Installation failed.
Flavor: r-release-macos-x86_64