CRAN Package Check Results for Package netchain

Last updated on 2024-02-26 19:50:15 CET.

Flavor Version Tinstall Tcheck Ttotal Status Flags
r-devel-linux-x86_64-debian-clang 0.2.0 22.66 121.11 143.77 NOTE
r-devel-linux-x86_64-debian-gcc 0.2.0 18.49 87.30 105.79 NOTE
r-devel-linux-x86_64-fedora-clang 0.2.0 186.16 NOTE
r-devel-linux-x86_64-fedora-gcc 0.2.0 192.01 NOTE
r-devel-windows-x86_64 0.2.0 20.00 110.00 130.00 OK
r-patched-linux-x86_64 0.2.0 24.03 120.84 144.87 OK
r-release-linux-x86_64 0.2.0 24.24 119.21 143.45 OK
r-release-macos-arm64 0.2.0 47.00 OK
r-release-macos-x86_64 0.2.0 85.00 OK
r-release-windows-x86_64 0.2.0 25.00 142.00 167.00 OK
r-oldrel-macos-arm64 0.2.0 40.00 NOTE
r-oldrel-windows-x86_64 0.2.0 25.00 142.00 167.00 OK

Check Details

Version: 0.2.0
Check: Rd files
Result: NOTE checkRd: (-1) chaingibbs.Rd:28: Lost braces in \itemize; meant \describe ? checkRd: (-1) chaingibbs.Rd:29: Lost braces in \itemize; meant \describe ? checkRd: (-1) chaingibbs.Rd:30: Lost braces in \itemize; meant \describe ? Flavors: r-devel-linux-x86_64-debian-clang, r-devel-linux-x86_64-debian-gcc, r-devel-linux-x86_64-fedora-clang

Version: 0.2.0
Check: dependencies in R code
Result: NOTE Namespaces in Imports field not imported from: ‘Matrix’ ‘igraph’ All declared Imports should be used. Flavors: r-devel-linux-x86_64-fedora-clang, r-devel-linux-x86_64-fedora-gcc, r-oldrel-macos-arm64