Last updated on 2023-03-31 08:54:06 CEST.
Flavor | Version | Tinstall | Tcheck | Ttotal | Status | Flags |
---|---|---|---|---|---|---|
r-devel-linux-x86_64-debian-clang | 0.2.0 | 23.14 | 126.23 | 149.37 | OK | |
r-devel-linux-x86_64-debian-gcc | 0.2.0 | 19.45 | 85.39 | 104.84 | OK | |
r-devel-linux-x86_64-fedora-clang | 0.2.0 | 182.92 | NOTE | |||
r-devel-linux-x86_64-fedora-gcc | 0.2.0 | 184.30 | NOTE | |||
r-devel-windows-x86_64 | 0.2.0 | 520.00 | 0.00 | 520.00 | OK | |
r-patched-linux-x86_64 | 0.2.0 | 19.40 | 116.85 | 136.25 | OK | |
r-release-linux-x86_64 | 0.2.0 | 17.88 | 116.54 | 134.42 | OK | |
r-release-macos-arm64 | 0.2.0 | 40.00 | NOTE | |||
r-release-macos-x86_64 | 0.2.0 | 56.00 | NOTE | |||
r-release-windows-x86_64 | 0.2.0 | 198.00 | 165.00 | 363.00 | OK | |
r-oldrel-macos-arm64 | 0.2.0 | 52.00 | NOTE | |||
r-oldrel-macos-x86_64 | 0.2.0 | 74.00 | NOTE | |||
r-oldrel-windows-ix86+x86_64 | 0.2.0 | 53.00 | 242.00 | 295.00 | OK |
Version: 0.2.0
Check: dependencies in R code
Result: NOTE
Namespaces in Imports field not imported from:
‘Matrix’ ‘igraph’
All declared Imports should be used.
Flavors: r-devel-linux-x86_64-fedora-clang, r-devel-linux-x86_64-fedora-gcc, r-release-macos-arm64, r-release-macos-x86_64, r-oldrel-macos-arm64, r-oldrel-macos-x86_64