Last updated on 2023-03-26 08:56:59 CEST.
Flavor | Version | Tinstall | Tcheck | Ttotal | Status | Flags |
---|---|---|---|---|---|---|
r-devel-linux-x86_64-debian-clang | 0.6.1 | 10.74 | 109.91 | 120.65 | OK | |
r-devel-linux-x86_64-debian-gcc | 0.6.1 | 8.82 | 84.26 | 93.08 | OK | |
r-devel-linux-x86_64-fedora-clang | 0.6.1 | 149.30 | OK | |||
r-devel-linux-x86_64-fedora-gcc | 0.6.1 | 152.21 | OK | |||
r-patched-linux-x86_64 | 0.6.1 | 8.96 | 104.72 | 113.68 | OK | |
r-release-linux-x86_64 | 0.6.1 | 7.23 | 105.26 | 112.49 | OK | |
r-release-macos-arm64 | 0.6.1 | 45.00 | OK | |||
r-release-macos-x86_64 | 0.6.1 | 62.00 | OK | |||
r-release-windows-x86_64 | 0.6.1 | 16.00 | 144.00 | 160.00 | OK | |
r-oldrel-macos-arm64 | 0.6.1 | 54.00 | OK | |||
r-oldrel-macos-x86_64 | 0.6.1 | 68.00 | OK | |||
r-oldrel-windows-ix86+x86_64 | 0.6.1 | 25.00 | 159.00 | 184.00 | NOTE |
Version: 0.6.1
Check: R code for possible problems
Result: NOTE
Initiating curl with CURL_SSL_BACKEND: openssl
Flavor: r-oldrel-windows-ix86+x86_64