CRAN Package Check Results for Package netCoin

Last updated on 2020-07-14 09:50:40 CEST.

Flavor Version Tinstall Tcheck Ttotal Status Flags
r-devel-linux-x86_64-debian-clang 1.1.25 12.06 97.48 109.54 OK
r-devel-linux-x86_64-debian-gcc 1.1.25 11.92 75.25 87.17 OK
r-devel-linux-x86_64-fedora-clang 1.1.25 138.75 OK
r-devel-linux-x86_64-fedora-gcc 1.1.25 139.54 OK
r-devel-windows-ix86+x86_64 1.1.25 37.00 152.00 189.00 OK
r-patched-linux-x86_64 1.1.25 11.16 94.69 105.85 OK
r-patched-solaris-x86 1.1.25 186.70 OK
r-release-linux-x86_64 1.1.25 12.62 96.63 109.25 OK
r-release-macos-x86_64 1.1.25 ERROR
r-release-windows-ix86+x86_64 1.1.25 33.00 105.00 138.00 OK
r-oldrel-macos-x86_64 1.1.25 OK
r-oldrel-windows-ix86+x86_64 1.1.25 29.00 144.00 173.00 OK

Check Details

Version: 1.1.25
Check: whether package can be installed
Result: ERROR
    Installation failed.
Flavor: r-release-macos-x86_64