CRAN Package Check Results for Package nestedLogit

Last updated on 2024-04-13 09:49:58 CEST.

Flavor Version Tinstall Tcheck Ttotal Status Flags
r-devel-linux-x86_64-debian-clang 0.3.2 18.67 177.62 196.29 NOTE
r-devel-linux-x86_64-debian-gcc 0.3.2 12.78 132.86 145.64 NOTE
r-devel-linux-x86_64-fedora-clang 0.3.2 242.44 NOTE
r-devel-linux-x86_64-fedora-gcc 0.3.2 248.88 NOTE
r-devel-windows-x86_64 0.3.2 15.00 150.00 165.00 NOTE
r-patched-linux-x86_64 0.3.2 10.68 171.89 182.57 NOTE
r-release-linux-x86_64 0.3.2 15.97 168.62 184.59 OK
r-release-macos-arm64 0.3.2 70.00 OK
r-release-macos-x86_64 0.3.2 171.00 OK
r-release-windows-x86_64 0.3.2 19.00 175.00 194.00 OK
r-oldrel-macos-arm64 0.3.2 76.00 OK
r-oldrel-windows-x86_64 0.3.2 19.00 174.00 193.00 OK

Check Details

Version: 0.3.2
Check: Rd files
Result: NOTE checkRd: (-1) GSS.Rd:17: Lost braces 17 | code{2016}.} | ^ Flavors: r-devel-linux-x86_64-debian-clang, r-devel-linux-x86_64-debian-gcc, r-devel-linux-x86_64-fedora-clang, r-devel-linux-x86_64-fedora-gcc, r-devel-windows-x86_64, r-patched-linux-x86_64