Last updated on 2023-02-04 12:57:23 CET.
Flavor | Version | Tinstall | Tcheck | Ttotal | Status | Flags |
---|---|---|---|---|---|---|
r-devel-linux-x86_64-debian-clang | 0.1.1 | 7.07 | 57.18 | 64.25 | NOTE | |
r-devel-linux-x86_64-debian-gcc | 0.1.1 | 6.52 | 42.45 | 48.97 | NOTE | |
r-devel-linux-x86_64-fedora-clang | 0.1.1 | 87.28 | NOTE | |||
r-devel-linux-x86_64-fedora-gcc | 0.1.1 | 81.28 | NOTE | |||
r-devel-windows-x86_64 | 0.1.1 | 31.00 | 88.00 | 119.00 | NOTE | |
r-patched-linux-x86_64 | 0.1.1 | 9.37 | 57.07 | 66.44 | NOTE | |
r-release-linux-x86_64 | 0.1.1 | 7.50 | 56.74 | 64.24 | NOTE | |
r-release-macos-arm64 | 0.1.1 | 25.00 | NOTE | |||
r-release-macos-x86_64 | 0.1.1 | 46.00 | NOTE | |||
r-release-windows-x86_64 | 0.1.1 | 36.00 | 94.00 | 130.00 | NOTE | |
r-oldrel-macos-arm64 | 0.1.1 | 33.00 | NOTE | |||
r-oldrel-macos-x86_64 | 0.1.1 | 44.00 | NOTE | |||
r-oldrel-windows-ix86+x86_64 | 0.1.1 | 20.00 | 85.00 | 105.00 | NOTE |
Version: 0.1.1
Check: LazyData
Result: NOTE
'LazyData' is specified without a 'data' directory
Flavors: r-devel-linux-x86_64-debian-clang, r-devel-linux-x86_64-debian-gcc, r-devel-linux-x86_64-fedora-clang, r-devel-linux-x86_64-fedora-gcc, r-devel-windows-x86_64, r-patched-linux-x86_64, r-release-linux-x86_64, r-release-macos-arm64, r-release-macos-x86_64, r-release-windows-x86_64, r-oldrel-macos-arm64, r-oldrel-macos-x86_64, r-oldrel-windows-ix86+x86_64
Version: 0.1.1
Check: dependencies in R code
Result: NOTE
Namespaces in Imports field not imported from:
‘igraph’ ‘rlang’ ‘tidyselect’
All declared Imports should be used.
Flavors: r-devel-linux-x86_64-fedora-clang, r-devel-linux-x86_64-fedora-gcc, r-release-macos-arm64, r-release-macos-x86_64, r-oldrel-macos-arm64, r-oldrel-macos-x86_64