CRAN Package Check Results for Package ncappc

Last updated on 2021-11-29 07:51:16 CET.

Flavor Version Tinstall Tcheck Ttotal Status Flags
r-devel-linux-x86_64-debian-clang 0.3.0 NOTE
r-devel-linux-x86_64-debian-gcc 0.3.0 11.41 70.76 82.17 NOTE
r-devel-linux-x86_64-fedora-clang 0.3.0 142.35 NOTE
r-devel-linux-x86_64-fedora-gcc 0.3.0 128.53 NOTE
r-devel-windows-x86_64-new-UL 0.3.0 26.00 139.00 165.00 NOTE
r-devel-windows-x86_64-new-TK 0.3.0 NOTE
r-devel-windows-x86_64-old 0.3.0 18.00 120.00 138.00 NOTE
r-patched-linux-x86_64 0.3.0 12.45 88.81 101.26 NOTE
r-patched-solaris-x86 0.3.0 163.40 NOTE
r-release-linux-x86_64 0.3.0 10.86 88.67 99.53 NOTE
r-release-macos-arm64 0.3.0 NOTE
r-release-macos-x86_64 0.3.0 NOTE
r-release-windows-ix86+x86_64 0.3.0 26.00 85.00 111.00 NOTE
r-oldrel-macos-x86_64 0.3.0 NOTE
r-oldrel-windows-ix86+x86_64 0.3.0 27.00 111.00 138.00 OK

Check Details

Version: 0.3.0
Check: LazyData
Result: NOTE
     'LazyData' is specified without a 'data' directory
Flavors: r-devel-linux-x86_64-debian-clang, r-devel-linux-x86_64-debian-gcc, r-devel-linux-x86_64-fedora-clang, r-devel-linux-x86_64-fedora-gcc, r-devel-windows-x86_64-new-UL, r-devel-windows-x86_64-new-TK, r-devel-windows-x86_64-old, r-patched-linux-x86_64, r-patched-solaris-x86, r-release-linux-x86_64, r-release-macos-arm64, r-release-macos-x86_64, r-release-windows-ix86+x86_64

Version: 0.3.0
Check: dependencies in R code
Result: NOTE
    Namespace in Imports field not imported from: ‘bookdown’
     All declared Imports should be used.
Flavors: r-devel-linux-x86_64-fedora-clang, r-devel-linux-x86_64-fedora-gcc, r-devel-windows-x86_64-new-TK, r-patched-solaris-x86, r-release-macos-arm64, r-release-macos-x86_64, r-oldrel-macos-x86_64