CRAN Package Check Results for Package natstrat

Last updated on 2024-02-24 07:51:30 CET.

Flavor Version Tinstall Tcheck Ttotal Status Flags
r-devel-linux-x86_64-debian-clang 2.0.0 17.66 255.97 273.63 NOTE
r-devel-linux-x86_64-debian-gcc 2.0.0 14.38 183.82 198.20 NOTE
r-devel-linux-x86_64-fedora-clang 2.0.0 324.57 NOTE
r-devel-linux-x86_64-fedora-gcc 2.0.0 323.32 NOTE
r-devel-windows-x86_64 2.0.0 15.00 186.00 201.00 NOTE
r-patched-linux-x86_64 2.0.0 12.94 244.06 257.00 NOTE
r-release-linux-x86_64 2.0.0 11.43 245.72 257.15 NOTE
r-release-macos-arm64 2.0.0 108.00 NOTE
r-release-macos-x86_64 2.0.0 180.00 NOTE
r-release-windows-x86_64 2.0.0 21.00 232.00 253.00 NOTE
r-oldrel-macos-arm64 2.0.0 69.00 NOTE
r-oldrel-windows-x86_64 2.0.0 21.00 224.00 245.00 NOTE

Check Details

Version: 2.0.0
Check: package dependencies
Result: NOTE Package suggested but not available for checking: ‘gurobi’ Flavors: r-devel-linux-x86_64-debian-clang, r-devel-linux-x86_64-debian-gcc, r-devel-linux-x86_64-fedora-clang, r-devel-linux-x86_64-fedora-gcc, r-devel-windows-x86_64, r-patched-linux-x86_64, r-release-linux-x86_64, r-release-macos-arm64, r-release-macos-x86_64, r-release-windows-x86_64, r-oldrel-macos-arm64, r-oldrel-windows-x86_64