CRAN Package Check Results for Package nat

Last updated on 2020-09-29 20:46:55 CEST.

Flavor Version Tinstall Tcheck Ttotal Status Flags
r-devel-linux-x86_64-debian-clang 1.8.16 17.30 152.84 170.14 OK
r-devel-linux-x86_64-debian-gcc 1.8.16 14.24 115.19 129.43 OK
r-devel-linux-x86_64-fedora-clang 1.8.16 204.89 OK
r-devel-linux-x86_64-fedora-gcc 1.8.16 202.11 OK
r-devel-windows-ix86+x86_64 1.8.16 31.00 168.00 199.00 OK
r-patched-linux-x86_64 1.8.16 15.92 144.21 160.13 OK
r-patched-solaris-x86 1.8.16 244.70 OK
r-release-linux-x86_64 1.8.16 17.50 144.80 162.30 OK
r-release-macos-x86_64 1.8.16 OK
r-release-windows-ix86+x86_64 1.8.16 24.00 142.00 166.00 OK
r-oldrel-macos-x86_64 1.8.16 WARN
r-oldrel-windows-ix86+x86_64 1.8.16 18.00 133.00 151.00 OK

Check Details

Version: 1.8.16
Check: whether package can be installed
Result: WARN
    Found the following significant warnings:
     Warning: 'rgl.init' failed, running with 'rgl.useNULL = TRUE'.
Flavor: r-oldrel-macos-x86_64