CRAN Package Check Results for Package nat

Last updated on 2019-12-07 08:49:34 CET.

Flavor Version Tinstall Tcheck Ttotal Status Flags
r-devel-linux-x86_64-debian-clang 1.8.13 16.25 139.57 155.82 OK
r-devel-linux-x86_64-debian-gcc 1.8.13 13.49 107.80 121.29 OK
r-devel-linux-x86_64-fedora-clang 1.8.13 195.77 OK
r-devel-linux-x86_64-fedora-gcc 1.8.13 196.18 OK
r-devel-windows-ix86+x86_64 1.8.13 29.00 218.00 247.00 OK
r-devel-windows-ix86+x86_64-gcc8 1.8.13 33.00 233.00 266.00 OK
r-patched-linux-x86_64 1.8.13 15.22 128.11 143.33 OK
r-patched-solaris-x86 1.8.13 229.70 OK
r-release-linux-x86_64 1.8.13 14.07 127.80 141.87 OK
r-release-windows-ix86+x86_64 1.8.13 20.00 146.00 166.00 OK
r-release-osx-x86_64 1.8.13 WARN
r-oldrel-windows-ix86+x86_64 1.8.13 20.00 193.00 213.00 OK
r-oldrel-osx-x86_64 1.8.13 WARN

Check Details

Version: 1.8.13
Check: whether package can be installed
Result: WARN
    Found the following significant warnings:
     Warning: 'rgl_init' failed, running with rgl.useNULL = TRUE
Flavors: r-release-osx-x86_64, r-oldrel-osx-x86_64

Version: 1.8.13
Check: dependencies in R code
Result: NOTE
    No protocol specified
Flavors: r-release-osx-x86_64, r-oldrel-osx-x86_64

Version: 1.8.13
Check: S3 generic/method consistency
Result: WARN
    No protocol specified
    See section ‘Generic functions and methods’ in the ‘Writing R
    Extensions’ manual.
Flavors: r-release-osx-x86_64, r-oldrel-osx-x86_64

Version: 1.8.13
Check: replacement functions
Result: WARN
    No protocol specified
    The argument of a replacement function which corresponds to the right
    hand side must be named ‘value’.
Flavors: r-release-osx-x86_64, r-oldrel-osx-x86_64

Version: 1.8.13
Check: foreign function calls
Result: NOTE
    No protocol specified
    See chapter ‘System and foreign language interfaces’ in the ‘Writing R
    Extensions’ manual.
Flavors: r-release-osx-x86_64, r-oldrel-osx-x86_64

Version: 1.8.13
Check: R code for possible problems
Result: NOTE
    No protocol specified
Flavors: r-release-osx-x86_64, r-oldrel-osx-x86_64

Version: 1.8.13
Check: for missing documentation entries
Result: WARN
    No protocol specified
    All user-level objects in a package should have documentation entries.
    See chapter ‘Writing R documentation files’ in the ‘Writing R
    Extensions’ manual.
Flavors: r-release-osx-x86_64, r-oldrel-osx-x86_64

Version: 1.8.13
Check: for code/documentation mismatches
Result: WARN
    No protocol specified
    No protocol specified
    No protocol specified
Flavors: r-release-osx-x86_64, r-oldrel-osx-x86_64

Version: 1.8.13
Check: Rd \usage sections
Result: NOTE
    No protocol specified
    The \usage entries for S3 methods should use the \method markup and not
    their full name.
    See chapter ‘Writing R documentation files’ in the ‘Writing R
    Extensions’ manual.
Flavors: r-release-osx-x86_64, r-oldrel-osx-x86_64