CRAN Package Check Results for Package nanop

Last updated on 2020-11-26 20:51:44 CET.

Flavor Version Tinstall Tcheck Ttotal Status Flags
r-devel-linux-x86_64-debian-clang 2.0-6 12.59 62.56 75.15 OK
r-devel-linux-x86_64-debian-gcc 2.0-6 11.63 49.08 60.71 OK
r-devel-linux-x86_64-fedora-clang 2.0-6 94.44 NOTE
r-devel-linux-x86_64-fedora-gcc 2.0-6 86.61 NOTE
r-devel-windows-ix86+x86_64 2.0-6 20.00 121.00 141.00 OK
r-patched-linux-x86_64 2.0-6 12.77 62.64 75.41 OK
r-patched-solaris-x86 2.0-6 133.30 OK
r-release-linux-x86_64 2.0-6 12.97 61.29 74.26 OK
r-release-macos-x86_64 2.0-6 OK
r-release-windows-ix86+x86_64 2.0-6 21.00 101.00 122.00 OK
r-oldrel-macos-x86_64 2.0-6 OK
r-oldrel-windows-ix86+x86_64 2.0-6 18.00 104.00 122.00 OK

Check Details

Version: 2.0-6
Check: compiled code
Result: NOTE
    File ‘nanop/libs/nanop.so’:
     Found no calls to: ‘R_registerRoutines’, ‘R_useDynamicSymbols’
    
    It is good practice to register native routines and to disable symbol
    search.
    
    See ‘Writing portable packages’ in the ‘Writing R Extensions’ manual.
Flavors: r-devel-linux-x86_64-fedora-clang, r-devel-linux-x86_64-fedora-gcc