CRAN Package Check Results for Package nJira

Last updated on 2021-01-26 07:50:22 CET.

Flavor Version Tinstall Tcheck Ttotal Status Flags
r-devel-linux-x86_64-debian-clang 0.1.1 3.08 31.29 34.37 OK
r-devel-linux-x86_64-debian-gcc 0.1.1 2.85 24.74 27.59 OK
r-devel-linux-x86_64-fedora-clang 0.1.1 50.76 NOTE
r-devel-linux-x86_64-fedora-gcc 0.1.1 41.41 NOTE
r-devel-windows-ix86+x86_64 0.1.1 7.00 55.00 62.00 OK
r-patched-linux-x86_64 0.1.1 3.60 30.10 33.70 OK
r-patched-solaris-x86 0.1.1 60.10 NOTE
r-release-linux-x86_64 0.1.1 2.91 29.43 32.34 OK
r-release-macos-x86_64 0.1.1 NOTE
r-release-windows-ix86+x86_64 0.1.1 9.00 43.00 52.00 OK
r-oldrel-macos-x86_64 0.1.1 NOTE
r-oldrel-windows-ix86+x86_64 0.1.1 5.00 48.00 53.00 OK

Check Details

Version: 0.1.1
Check: dependencies in R code
Result: NOTE
    Namespace in Imports field not imported from: ‘rjson’
     All declared Imports should be used.
Flavors: r-devel-linux-x86_64-fedora-clang, r-devel-linux-x86_64-fedora-gcc, r-patched-solaris-x86, r-release-macos-x86_64, r-oldrel-macos-x86_64