CRAN Package Check Results for Package nCopula

Last updated on 2020-10-21 08:49:20 CEST.

Flavor Version Tinstall Tcheck Ttotal Status Flags
r-devel-linux-x86_64-debian-clang 0.1.1 13.28 78.33 91.61 OK
r-devel-linux-x86_64-debian-gcc 0.1.1 9.35 60.84 70.19 OK
r-devel-linux-x86_64-fedora-clang 0.1.1 115.49 NOTE
r-devel-linux-x86_64-fedora-gcc 0.1.1 104.46 NOTE
r-devel-windows-ix86+x86_64 0.1.1 24.00 104.00 128.00 OK
r-patched-linux-x86_64 0.1.1 10.89 71.76 82.65 OK
r-patched-solaris-x86 0.1.1 154.80 NOTE
r-release-linux-x86_64 0.1.1 11.81 72.22 84.03 OK
r-release-macos-x86_64 0.1.1 NOTE
r-release-windows-ix86+x86_64 0.1.1 28.00 72.00 100.00 OK
r-oldrel-macos-x86_64 0.1.1 NOTE
r-oldrel-windows-ix86+x86_64 0.1.1 13.00 89.00 102.00 OK

Check Details

Version: 0.1.1
Check: dependencies in R code
Result: NOTE
    Namespaces in Imports field not imported from:
     ‘Deriv’ ‘compiler’ ‘stringi’
     All declared Imports should be used.
Flavors: r-devel-linux-x86_64-fedora-clang, r-devel-linux-x86_64-fedora-gcc, r-patched-solaris-x86, r-release-macos-x86_64, r-oldrel-macos-x86_64