CRAN Package Check Results for Package mztwinreg

Last updated on 2021-10-24 08:52:01 CEST.

Flavor Version Tinstall Tcheck Ttotal Status Flags
r-devel-linux-x86_64-debian-clang 1.0-1 14.48 129.82 144.30 NOTE
r-devel-linux-x86_64-debian-gcc 1.0-1 11.99 97.14 109.13 NOTE
r-devel-linux-x86_64-fedora-clang 1.0-1 184.45 NOTE
r-devel-linux-x86_64-fedora-gcc 1.0-1 167.73 NOTE
r-devel-windows-x86_64 1.0-1 24.00 155.00 179.00 NOTE
r-devel-windows-x86_64-gcc10-UCRT 1.0-1 NOTE
r-patched-linux-x86_64 1.0-1 19.71 122.49 142.20 NOTE
r-patched-solaris-x86 1.0-1 226.70 NOTE
r-release-linux-x86_64 1.0-1 15.41 123.30 138.71 NOTE
r-release-macos-arm64 1.0-1 NOTE
r-release-macos-x86_64 1.0-1 NOTE
r-release-windows-ix86+x86_64 1.0-1 28.00 150.00 178.00 NOTE
r-oldrel-macos-x86_64 1.0-1 NOTE
r-oldrel-windows-ix86+x86_64 1.0-1 37.00 164.00 201.00 NOTE

Check Details

Version: 1.0-1
Check: R code for possible problems
Result: NOTE
    abs_dif: no visible global function definition for 'as.formula'
    env_dif: no visible global function definition for 'lm'
    env_dif: no visible global function definition for 'as.formula'
    env_dif_logistic: no visible global function definition for
     'as.formula'
    fam_env: no visible global function definition for 'as.formula'
    log_dif: no visible global function definition for 'as.formula'
    Undefined global functions or variables:
     as.formula lm
    Consider adding
     importFrom("stats", "as.formula", "lm")
    to your NAMESPACE file.
Flavors: r-devel-linux-x86_64-debian-clang, r-devel-linux-x86_64-debian-gcc, r-devel-linux-x86_64-fedora-clang, r-devel-linux-x86_64-fedora-gcc, r-devel-windows-x86_64, r-devel-windows-x86_64-gcc10-UCRT, r-patched-linux-x86_64, r-patched-solaris-x86, r-release-linux-x86_64, r-release-macos-arm64, r-release-macos-x86_64, r-release-windows-ix86+x86_64, r-oldrel-macos-x86_64, r-oldrel-windows-ix86+x86_64