CRAN Package Check Results for Package mvrtn

Last updated on 2020-10-28 07:49:51 CET.

Flavor Version Tinstall Tcheck Ttotal Status Flags
r-devel-linux-x86_64-debian-clang 1.0 2.34 19.56 21.90 NOTE
r-devel-linux-x86_64-debian-gcc 1.0 1.67 15.51 17.18 NOTE
r-devel-linux-x86_64-fedora-clang 1.0 35.52 NOTE
r-devel-linux-x86_64-fedora-gcc 1.0 26.51 NOTE
r-devel-windows-ix86+x86_64 1.0 7.00 40.00 47.00 NOTE
r-patched-linux-x86_64 1.0 NOTE
r-patched-solaris-x86 1.0 38.00 NOTE
r-release-linux-x86_64 1.0 2.28 18.76 21.04 NOTE
r-release-macos-x86_64 1.0 NOTE
r-release-windows-ix86+x86_64 1.0 6.00 30.00 36.00 NOTE
r-oldrel-macos-x86_64 1.0 NOTE
r-oldrel-windows-ix86+x86_64 1.0 8.00 43.00 51.00 NOTE

Check Details

Version: 1.0
Check: R code for possible problems
Result: NOTE
    rtn: no visible global function definition for 'runif'
    rtn: no visible global function definition for 'qnorm'
    rtn: no visible global function definition for 'pnorm'
    Undefined global functions or variables:
     pnorm qnorm runif
    Consider adding
     importFrom("stats", "pnorm", "qnorm", "runif")
    to your NAMESPACE file.
Flavors: r-devel-linux-x86_64-debian-clang, r-devel-linux-x86_64-debian-gcc, r-devel-linux-x86_64-fedora-clang, r-devel-linux-x86_64-fedora-gcc, r-devel-windows-ix86+x86_64, r-patched-linux-x86_64, r-patched-solaris-x86, r-release-linux-x86_64, r-release-macos-x86_64, r-release-windows-ix86+x86_64, r-oldrel-macos-x86_64, r-oldrel-windows-ix86+x86_64

Version: 1.0
Check: compiled code
Result: NOTE
    File ‘mvrtn/libs/mvrtn.so’:
     Found no calls to: ‘R_registerRoutines’, ‘R_useDynamicSymbols’
    
    It is good practice to register native routines and to disable symbol
    search.
    
    See ‘Writing portable packages’ in the ‘Writing R Extensions’ manual.
Flavors: r-devel-linux-x86_64-fedora-clang, r-devel-linux-x86_64-fedora-gcc