CRAN Package Check Results for Package mvprpb

Last updated on 2020-10-28 07:49:51 CET.

Flavor Version Tinstall Tcheck Ttotal Status Flags
r-devel-linux-x86_64-debian-clang 1.0.4 1.83 19.61 21.44 NOTE
r-devel-linux-x86_64-debian-gcc 1.0.4 1.50 15.32 16.82 NOTE
r-devel-linux-x86_64-fedora-clang 1.0.4 35.69 NOTE
r-devel-linux-x86_64-fedora-gcc 1.0.4 25.73 NOTE
r-devel-windows-ix86+x86_64 1.0.4 4.00 33.00 37.00 NOTE
r-patched-linux-x86_64 1.0.4 NOTE
r-patched-solaris-x86 1.0.4 38.80 NOTE
r-release-linux-x86_64 1.0.4 2.14 18.80 20.94 NOTE
r-release-macos-x86_64 1.0.4 NOTE
r-release-windows-ix86+x86_64 1.0.4 4.00 24.00 28.00 NOTE
r-oldrel-macos-x86_64 1.0.4 NOTE
r-oldrel-windows-ix86+x86_64 1.0.4 4.00 34.00 38.00 NOTE

Check Details

Version: 1.0.4
Check: R code for possible problems
Result: NOTE
    mvorpb: no visible global function definition for 'pnorm'
    mvorpb: no visible global function definition for 'dnorm'
    Undefined global functions or variables:
     dnorm pnorm
    Consider adding
     importFrom("stats", "dnorm", "pnorm")
    to your NAMESPACE file.
Flavors: r-devel-linux-x86_64-debian-clang, r-devel-linux-x86_64-debian-gcc, r-devel-linux-x86_64-fedora-clang, r-devel-linux-x86_64-fedora-gcc, r-devel-windows-ix86+x86_64, r-patched-linux-x86_64, r-patched-solaris-x86, r-release-linux-x86_64, r-release-macos-x86_64, r-release-windows-ix86+x86_64, r-oldrel-macos-x86_64, r-oldrel-windows-ix86+x86_64