CRAN Package Check Results for Package mvord

Last updated on 2019-10-21 09:51:18 CEST.

Flavor Version Tinstall Tcheck Ttotal Status Flags
r-devel-linux-x86_64-debian-clang 0.3.6 12.78 161.03 173.81 OK
r-devel-linux-x86_64-debian-gcc 0.3.6 11.16 125.45 136.61 OK
r-devel-linux-x86_64-fedora-clang 0.3.6 208.38 OK
r-devel-linux-x86_64-fedora-gcc 0.3.6 208.16 OK
r-devel-windows-ix86+x86_64 0.3.6 23.00 333.00 356.00 OK
r-patched-linux-x86_64 0.3.6 13.32 156.75 170.07 OK
r-patched-solaris-x86 0.3.6 283.80 OK
r-release-linux-x86_64 0.3.6 9.89 159.83 169.72 OK
r-release-windows-ix86+x86_64 0.3.6 29.00 320.00 349.00 OK
r-release-osx-x86_64 0.3.6 NOTE
r-oldrel-windows-ix86+x86_64 0.3.6 15.00 221.00 236.00 OK
r-oldrel-osx-x86_64 0.3.6 NOTE

Check Details

Version: 0.3.6
Check: re-building of vignette outputs
Result: NOTE
    Error(s) in re-building vignettes:
     ...
    --- re-building ‘vignette_mvord2.Rmd’ using rmarkdown
    Warning in engine$weave(file, quiet = quiet, encoding = enc) :
     Pandoc (>= 1.12.3) and/or pandoc-citeproc not available. Falling back to R Markdown v1.
    --- finished re-building ‘vignette_mvord2.Rmd’
    
    --- re-building ‘vignette_mvord.Rnw’ using Sweave
    Loading required package: minqa
    Loading required package: BB
    Loading required package: ucminf
    Loading required package: dfoptim
    Error: processing vignette 'vignette_mvord.Rnw' failed with diagnostics:
    Running 'texi2dvi' on 'vignette_mvord.tex' failed.
    LaTeX errors:
    !pdfTeX error: pdflatex (file bbm10): Font bbm10 at 657 not found
     ==> Fatal error occurred, no output PDF file produced!
    --- failed re-building 'vignette_mvord.Rnw'
    
    SUMMARY: processing the following file failed:
     ‘vignette_mvord.Rnw’
    
    Error: Vignette re-building failed.
    Execution halted
Flavor: r-release-osx-x86_64

Version: 0.3.6
Check: re-building of vignette outputs
Result: NOTE
    Error in re-building vignettes:
     ...
    Warning in engine$weave(file, quiet = quiet, encoding = enc) :
     Pandoc (>= 1.12.3) and/or pandoc-citeproc not available. Falling back to R Markdown v1.
    Error in texi2dvi(file = file, pdf = TRUE, clean = clean, quiet = quiet, :
     Running 'texi2dvi' on 'vignette_mvord.tex' failed.
    LaTeX errors:
    !pdfTeX error: pdflatex (file bbm10): Font bbm10 at 657 not found
     ==> Fatal error occurred, no output PDF file produced!
    Calls: buildVignettes -> texi2pdf -> texi2dvi
    Execution halted
Flavor: r-oldrel-osx-x86_64